{"id":79,"date":"2016-02-18T11:27:30","date_gmt":"2016-02-18T11:27:30","guid":{"rendered":"http:\/\/laugar.is\/?page_id=79"},"modified":"2025-09-03T10:31:50","modified_gmt":"2025-09-03T10:31:50","slug":"skyrslur","status":"publish","type":"page","link":"https:\/\/laugar.is\/?page_id=79","title":{"rendered":"Sk\u00fdrslur"},"content":{"rendered":"<p><strong>\u00c1rssk\u00fdrslur<\/strong><\/p>\n<p><a href=\"http:\/\/laugar.is\/wp-content\/uploads\/2016\/02\/arsskyrsla-2013.pdf\" rel=\"\">\u00c1rssk\u00fdrsla 2013<\/a><\/p>\n<p><a href=\"http:\/\/laugar.is\/wp-content\/uploads\/2018\/11\/arsskyrsla2014.pdf\">\u00c1rssk\u00fdrsla 2014<\/a><\/p>\n<p><a href=\"http:\/\/laugar.is\/wp-content\/uploads\/2018\/11\/arsskyrsla2015.pdf\">\u00c1rssk\u00fdrsla&nbsp;2015 <\/a><\/p>\n<p><a href=\"http:\/\/laugar.is\/wp-content\/uploads\/2018\/11\/arsskyrsla2016.pdf\">\u00c1rssk\u00fdrsla 2016<\/a><\/p>\n<p><a href=\"http:\/\/laugar.is\/wp-content\/uploads\/2018\/11\/arsskyrsla2017.pdf\">\u00c1rssk\u00fdrsla 2017<\/a><\/p>\n<p><a href=\"https:\/\/laugar.is\/wp-content\/uploads\/2019\/07\/arsskyrsla2018.pdf\">\u00c1rssk\u00fdrsla 2018<\/a><\/p>\n<p><a href=\"https:\/\/laugar.is\/wp-content\/uploads\/2020\/09\/arsskyrsla2019.pdf\">\u00c1rssk\u00fdrsla 2019<\/a><\/p>\n<p><a href=\"https:\/\/laugar.is\/wp-content\/uploads\/2021\/06\/arsskyrsla2020.pdf\">\u00c1rssk\u00fdrsla 2020<\/a><\/p>\n<p><a href=\"https:\/\/laugar.is\/wp-content\/uploads\/2022\/06\/arsskyrsla2021.pdf\">\u00c1rssk\u00fdrsla 2021<\/a><\/p>\n<p><a href=\"https:\/\/laugar.is\/wp-content\/uploads\/2023\/08\/arsskyrsla2022.pdf\">\u00c1rssk\u00fdrsla 2022<\/a><\/p>\n<p><a href=\"https:\/\/laugar.is\/wp-content\/uploads\/2025\/05\/Arsskyrsla-2023_FL-B.pdf\">\u00c1rssk\u00fdrsla 2023<\/a><\/p>\n<p><strong>Sj\u00e1lfsmat<\/strong><\/p>\n<p><a href=\"http:\/\/laugar.is\/wp-content\/uploads\/2016\/02\/sjalfsmat2011-2012.pdf\" rel=\"\">Sj\u00e1lfsmatssk\u00fdrsla 2011-2012<\/a><\/p>\n<p><a href=\"http:\/\/laugar.is\/wp-content\/uploads\/2016\/02\/sjalfsmat2012-2013.pdf\" rel=\"\">Sj\u00e1lfsmatssk\u00fdrsla 2012-2013<\/a><\/p>\n<p><a href=\"http:\/\/laugar.is\/wp-content\/uploads\/2016\/02\/sjalfsmat2013-2014.pdf\" rel=\"\">Sj\u00e1lfsmatssk\u00fdrsla 2013-2014<\/a><\/p>\n<p><a href=\"http:\/\/laugar.is\/wp-content\/uploads\/2018\/11\/sjalfsmat2014-2015.pdf\">Sj\u00e1lfsmatssk\u00fdrsla 2014-2015<\/a><\/p>\n<p><a href=\"http:\/\/laugar.is\/wp-content\/uploads\/2018\/11\/sjalfsmat2015-2016.pdf\">Sj\u00e1lfsmatssk\u00fdrsla 2015-2016<\/a><\/p>\n<p><a href=\"http:\/\/laugar.is\/wp-content\/uploads\/2018\/11\/sjalfsmat2016-2017.pdf\">Sj\u00e1lfsmatssk\u00fdrsla 2016-2017<\/a><\/p>\n<p><a href=\"http:\/\/laugar.is\/wp-content\/uploads\/2018\/11\/sjalfsmat2017-2018.pdf\">Sj\u00e1lfsmatssk\u00fdrsla 2017-2018<\/a><\/p>\n<p><a href=\"https:\/\/laugar.is\/wp-content\/uploads\/2019\/10\/sjalfsmat2018-2019b.pdf\">Sj\u00e1lfsmatssk\u00fdrsla 2018-2019<\/a><\/p>\n<p><a href=\"https:\/\/laugar.is\/wp-content\/uploads\/2021\/09\/sjalfsmatsskyrsla2019-2020.pdf\">Sj\u00e1lfsmatssk\u00fdrsla 2019-2020<\/a><\/p>\n<p><a href=\"https:\/\/laugar.is\/wp-content\/uploads\/2022\/09\/sjalfsmatsskyrsla2020-2021.pdf\">Sj\u00e1lfsmatssk\u00fdrsla 2020-2021<\/a><\/p>\n<p><a href=\"https:\/\/laugar.is\/wp-content\/uploads\/2022\/10\/sjalfsmatsskyrsla2021-2022.pdf\">Sj\u00e1lfsmatssk\u00fdrsla 2021-2022<\/a><\/p>\n<p><a href=\"https:\/\/laugar.is\/wp-content\/uploads\/2023\/09\/sjalfsmatsskyrsla2022-2023.pdf\">Sj\u00e1lfsmatssk\u00fdrsla 2022-2023<\/a><\/p>\n<p><a href=\"https:\/\/laugar.is\/wp-content\/uploads\/2024\/11\/Sjalfsmatsskyrsla-2023-2024.pdf\">Sj\u00e1lfsmatssk\u00fdrsla 2023-2024<\/a><\/p>\n<p><a href=\"https:\/\/laugar.is\/wp-content\/uploads\/2025\/09\/Sjalfssmatsskyrlsa-2024-2025.pdf\">Sj\u00e1lfssmatssk\u00fdrlsa 2024-2025<\/a><\/p>\n<p><strong>Sk\u00f3lasamningur<\/strong><\/p>\n<p><a href=\"https:\/\/laugar.is\/wp-content\/uploads\/2020\/12\/FLPDF-skolasamningur-2015-2019.pdf\">Sk\u00f3lasamningur 2015-2019<\/a><strong><br \/>\n<\/strong><\/p>\n<p><a href=\"https:\/\/laugar.is\/wp-content\/uploads\/2020\/12\/FLPDF-vidauki-vid-skolasamning-2015-2019.pdf\">Vi\u00f0auki vi\u00f0 sk\u00f3lasamning 2015-2019<\/a><\/p>\n<p><strong>Starfsemi<\/strong><\/p>\n<p><a href=\"http:\/\/laugar.is\/wp-content\/uploads\/2016\/02\/2000-2001.pdf\" rel=\"\">2000-2001<\/a><br \/>\n<a href=\"http:\/\/laugar.is\/wp-content\/uploads\/2016\/02\/2002-2003.pdf\" rel=\"\">2002-2003<\/a><br \/>\n<a href=\"http:\/\/laugar.is\/wp-content\/uploads\/2016\/02\/2003-2004.pdf\" rel=\"\">2003-2004<\/a><br \/>\n<a href=\"http:\/\/laugar.is\/wp-content\/uploads\/2016\/02\/2004-2005.pdf\" rel=\"\">2004-2005<\/a><br \/>\n<a href=\"http:\/\/laugar.is\/wp-content\/uploads\/2016\/02\/2007-2008.pdf\" rel=\"\">2007-2008<\/a><br \/>\n<a href=\"http:\/\/laugar.is\/wp-content\/uploads\/2016\/02\/2008-2009.pdf\" rel=\"\">2008-2009<\/a><br \/>\n<a href=\"http:\/\/laugar.is\/wp-content\/uploads\/2016\/02\/2009-2010.pdf\" rel=\"\">2009-2010<\/a><br \/>\n<a href=\"http:\/\/laugar.is\/wp-content\/uploads\/2016\/02\/2010-2011.pdf\" rel=\"\">2010-2011<\/a><\/p>\n<p><strong>Stofnanasamningur<\/strong><\/p>\n<p><a href=\"http:\/\/laugar.is\/wp-content\/uploads\/2016\/02\/Stofnanasamningur.pdf\" rel=\"\">Stofnanasamningur<\/a><\/p>\n<p><strong>Stofnun \u00e1rsins<\/strong><\/p>\n<p><a href=\"https:\/\/laugar.is\/wp-content\/uploads\/2020\/06\/Stofnunarsins2019-2020.pdf\">2019-2020<\/a><\/p>\n<p><strong>\u00dattekt \u00e1 sj\u00e1lfsmatsa\u00f0fer\u00f0um<\/strong><\/p>\n<p><a href=\"http:\/\/laugar.is\/wp-content\/uploads\/2016\/02\/2002-uttekt-a-sjalfsmatsadferdum.pdf\" rel=\"\">2002<\/a><br \/>\n<a href=\"http:\/\/laugar.is\/wp-content\/uploads\/2016\/02\/2008-uttekt-a-sjalfsmatsadferdum.pdf\" rel=\"\">2008<\/a><\/p>\n<p><strong>Greinarger\u00f0ir<\/strong><\/p>\n<p><a href=\"http:\/\/laugar.is\/wp-content\/uploads\/2018\/06\/greinagerd-throunarverkefni-18052018.pdf\">Greinarger\u00f0 um \u00fer\u00f3unarverkefni framhaldssk\u00f3la \u00ed \u00deingeyjars\u00fdslum<\/a><\/p>\n<p><strong>Skr\u00e1ning \u00e1 fyrirlestrum og fr\u00e6\u00f0slu<\/strong><\/p>\n<table width=\"827\">\n<tbody>\n<tr>\n<td width=\"482\">N\u00e1mskei\u00f0 \/Fyrirlestur<\/td>\n<td width=\"64\">Dagsetning<\/td>\n<td width=\"217\">Fyrir<\/td>\n<td width=\"64\">N\u00e1nari uppl\u00fdsingar<\/td>\n<\/tr>\n<tr>\n<td>H\u00famor \u00ed starfi &#8211; Edda Bj\u00f6rgvinsd\u00f3ttir<\/td>\n<td>19.ma\u00ed.21<\/td>\n<td>Allir starfsmenn sk\u00f3lans<\/td>\n<td>N\u00e1mskei\u00f0 um hvernig er gott a\u00f0 nota h\u00famor \u00ed starfi og einnig a\u00f0 styrkleikar<\/td>\n<\/tr>\n<tr>\n<td>N\u00e1mskei\u00f0 &#8211; ofbeldi &#8211; Ingibj\u00f6rg \u00de\u00f3r\u00f0ard\u00f3ttir fr\u00e1 Hugrekki, r\u00e1\u00f0gj\u00f6f og fr\u00e6\u00f0sla<\/td>\n<td>25.\u00e1g\u00fa.21<\/td>\n<td>Allir starfsmenn sk\u00f3lans<\/td>\n<td>N\u00e1mskei\u00f0 um ofbeldi gagnvart b\u00f6rnum\/ungmennum og hva\u00f0 ber a\u00f0 fylgjast me\u00f0<\/td>\n<\/tr>\n<tr>\n<td>J\u00e1kv\u00e6\u00f0 karlmennska og jafnr\u00e9tti &#8211; \u00deorsteinn V. Einarsson &#8211; Kynjafr\u00e6\u00f0ingur<\/td>\n<td>17.sep.21<\/td>\n<td>Nemendur&nbsp; &#8211; starfsf\u00f3lk velkomi\u00f0<\/td>\n<td>Fyrirlestur um j\u00e1kv\u00e6\u00f0a karlmennsku og hva\u00f0 vi\u00f0 sem getum gert til a\u00f0 hafa j\u00e1kv\u00e6\u00f0 \u00e1hrif sem stu\u00f0la a\u00f0 jafnr\u00e9tti<\/td>\n<\/tr>\n<tr>\n<td>J\u00e1kv\u00e6tt vi\u00f0horf til l\u00edfsins&nbsp; &#8211; Perla Magn\u00fasd\u00f3ttir&nbsp;<\/td>\n<td>21.okt.21<\/td>\n<td>Nemendur&nbsp; &#8211; starfsf\u00f3lk velkomi\u00f0<\/td>\n<td>Fyrirlestur um hvernig vi\u00f0 veljum okkur vi\u00f0horf til l\u00edfsins<\/td>\n<\/tr>\n<\/tbody>\n<\/table>\n","protected":false},"excerpt":{"rendered":"<p>\u00c1rssk\u00fdrslur \u00c1rssk\u00fdrsla 2013 \u00c1rssk\u00fdrsla 2014 \u00c1rssk\u00fdrsla&nbsp;2015 \u00c1rssk\u00fdrsla 2016 \u00c1rssk\u00fdrsla 2017 \u00c1rssk\u00fdrsla 2018 \u00c1rssk\u00fdrsla 2019 \u00c1rssk\u00fdrsla 2020 \u00c1rssk\u00fdrsla 2021 \u00c1rssk\u00fdrsla 2022 \u00c1rssk\u00fdrsla 2023 Sj\u00e1lfsmat Sj\u00e1lfsmatssk\u00fdrsla 2011-2012 Sj\u00e1lfsmatssk\u00fdrsla 2012-2013 Sj\u00e1lfsmatssk\u00fdrsla 2013-2014 Sj\u00e1lfsmatssk\u00fdrsla 2014-2015 Sj\u00e1lfsmatssk\u00fdrsla 2015-2016 Sj\u00e1lfsmatssk\u00fdrsla 2016-2017 Sj\u00e1lfsmatssk\u00fdrsla 2017-2018 Sj\u00e1lfsmatssk\u00fdrsla 2018-2019 Sj\u00e1lfsmatssk\u00fdrsla 2019-2020 Sj\u00e1lfsmatssk\u00fdrsla 2020-2021 Sj\u00e1lfsmatssk\u00fdrsla 2021-2022 Sj\u00e1lfsmatssk\u00fdrsla 2022-2023 Sj\u00e1lfsmatssk\u00fdrsla 2023-2024 Sj\u00e1lfssmatssk\u00fdrlsa 2024-2025 Sk\u00f3lasamningur Sk\u00f3lasamningur 2015-2019 Vi\u00f0auki vi\u00f0 sk\u00f3lasamning 2015-2019 Starfsemi 2000-2001 2002-2003 2003-2004 2004-2005 2007-2008 2008-2009 2009-2010 2010-2011 Stofnanasamningur Stofnanasamningur Stofnun <a class=\"more-link\" href=\"https:\/\/laugar.is\/?page_id=79\">&#8230;Lestu \u00e1fram<\/a><\/p>\n","protected":false},"author":1,"featured_media":0,"parent":4,"menu_order":0,"comment_status":"closed","ping_status":"closed","template":"","meta":{"_acf_changed":false,"_lmt_disableupdate":"","_lmt_disable":"","ngg_post_thumbnail":0,"footnotes":""},"class_list":["post-79","page","type-page","status-publish","hentry"],"acf":[],"yoast_head":"<!-- This site is optimized with the Yoast SEO plugin v27.4 - https:\/\/yoast.com\/product\/yoast-seo-wordpress\/ -->\n<title>Sk\u00fdrslur - FRAMHALDSSK\u00d3LINN \u00c1 LAUGUM<\/title>\n<meta name=\"robots\" content=\"index, follow, max-snippet:-1, max-image-preview:large, max-video-preview:-1\" \/>\n<link rel=\"canonical\" href=\"https:\/\/laugar.is\/?page_id=79\" \/>\n<meta property=\"og:locale\" content=\"is_IS\" \/>\n<meta property=\"og:type\" content=\"article\" \/>\n<meta property=\"og:title\" content=\"Sk\u00fdrslur - FRAMHALDSSK\u00d3LINN \u00c1 LAUGUM\" \/>\n<meta property=\"og:description\" content=\"\u00c1rssk\u00fdrslur \u00c1rssk\u00fdrsla 2013 \u00c1rssk\u00fdrsla 2014 \u00c1rssk\u00fdrsla&nbsp;2015 \u00c1rssk\u00fdrsla 2016 \u00c1rssk\u00fdrsla 2017 \u00c1rssk\u00fdrsla 2018 \u00c1rssk\u00fdrsla 2019 \u00c1rssk\u00fdrsla 2020 \u00c1rssk\u00fdrsla 2021 \u00c1rssk\u00fdrsla 2022 \u00c1rssk\u00fdrsla 2023 Sj\u00e1lfsmat Sj\u00e1lfsmatssk\u00fdrsla 2011-2012 Sj\u00e1lfsmatssk\u00fdrsla 2012-2013 Sj\u00e1lfsmatssk\u00fdrsla 2013-2014 Sj\u00e1lfsmatssk\u00fdrsla 2014-2015 Sj\u00e1lfsmatssk\u00fdrsla 2015-2016 Sj\u00e1lfsmatssk\u00fdrsla 2016-2017 Sj\u00e1lfsmatssk\u00fdrsla 2017-2018 Sj\u00e1lfsmatssk\u00fdrsla 2018-2019 Sj\u00e1lfsmatssk\u00fdrsla 2019-2020 Sj\u00e1lfsmatssk\u00fdrsla 2020-2021 Sj\u00e1lfsmatssk\u00fdrsla 2021-2022 Sj\u00e1lfsmatssk\u00fdrsla 2022-2023 Sj\u00e1lfsmatssk\u00fdrsla 2023-2024 Sj\u00e1lfssmatssk\u00fdrlsa 2024-2025 Sk\u00f3lasamningur Sk\u00f3lasamningur 2015-2019 Vi\u00f0auki vi\u00f0 sk\u00f3lasamning 2015-2019 Starfsemi 2000-2001 2002-2003 2003-2004 2004-2005 2007-2008 2008-2009 2009-2010 2010-2011 Stofnanasamningur Stofnanasamningur Stofnun ...Lestu \u00e1fram\" \/>\n<meta property=\"og:url\" content=\"https:\/\/laugar.is\/?page_id=79\" \/>\n<meta property=\"og:site_name\" content=\"FRAMHALDSSK\u00d3LINN \u00c1 LAUGUM\" \/>\n<meta property=\"article:publisher\" content=\"https:\/\/www.facebook.com\/laugaskoli\/\" \/>\n<meta property=\"article:modified_time\" content=\"2025-09-03T10:31:50+00:00\" \/>\n<meta name=\"twitter:card\" content=\"summary_large_image\" \/>\n<meta name=\"twitter:label1\" content=\"Est. reading time\" \/>\n\t<meta name=\"twitter:data1\" content=\"2 minutes\" \/>\n<script type=\"application\/ld+json\" class=\"yoast-schema-graph\">{\"@context\":\"https:\\\/\\\/schema.org\",\"@graph\":[{\"@type\":\"WebPage\",\"@id\":\"https:\\\/\\\/laugar.is\\\/?page_id=79\",\"url\":\"https:\\\/\\\/laugar.is\\\/?page_id=79\",\"name\":\"Sk\u00fdrslur - FRAMHALDSSK\u00d3LINN \u00c1 LAUGUM\",\"isPartOf\":{\"@id\":\"https:\\\/\\\/laugar.is\\\/#website\"},\"datePublished\":\"2016-02-18T11:27:30+00:00\",\"dateModified\":\"2025-09-03T10:31:50+00:00\",\"breadcrumb\":{\"@id\":\"https:\\\/\\\/laugar.is\\\/?page_id=79#breadcrumb\"},\"inLanguage\":\"is\",\"potentialAction\":[{\"@type\":\"ReadAction\",\"target\":[\"https:\\\/\\\/laugar.is\\\/?page_id=79\"]}]},{\"@type\":\"BreadcrumbList\",\"@id\":\"https:\\\/\\\/laugar.is\\\/?page_id=79#breadcrumb\",\"itemListElement\":[{\"@type\":\"ListItem\",\"position\":1,\"name\":\"Home\",\"item\":\"https:\\\/\\\/laugar.is\\\/\"},{\"@type\":\"ListItem\",\"position\":2,\"name\":\"SK\u00d3LINN\",\"item\":\"https:\\\/\\\/laugar.is\\\/?page_id=4\"},{\"@type\":\"ListItem\",\"position\":3,\"name\":\"Sk\u00fdrslur\"}]},{\"@type\":\"WebSite\",\"@id\":\"https:\\\/\\\/laugar.is\\\/#website\",\"url\":\"https:\\\/\\\/laugar.is\\\/\",\"name\":\"FRAMHALDSSK\u00d3LINN \u00c1 LAUGUM\",\"description\":\"Metna\u00f0ur - Tr\u00famennska  - Tillitssemi - Gla\u00f0lyndi\",\"publisher\":{\"@id\":\"https:\\\/\\\/laugar.is\\\/#organization\"},\"potentialAction\":[{\"@type\":\"SearchAction\",\"target\":{\"@type\":\"EntryPoint\",\"urlTemplate\":\"https:\\\/\\\/laugar.is\\\/?s={search_term_string}\"},\"query-input\":{\"@type\":\"PropertyValueSpecification\",\"valueRequired\":true,\"valueName\":\"search_term_string\"}}],\"inLanguage\":\"is\"},{\"@type\":\"Organization\",\"@id\":\"https:\\\/\\\/laugar.is\\\/#organization\",\"name\":\"Framhaldssk\u00f3linn \u00e1 Laugum\",\"url\":\"https:\\\/\\\/laugar.is\\\/\",\"logo\":{\"@type\":\"ImageObject\",\"inLanguage\":\"is\",\"@id\":\"https:\\\/\\\/laugar.is\\\/#\\\/schema\\\/logo\\\/image\\\/\",\"url\":\"https:\\\/\\\/laugar.is\\\/wp-content\\\/uploads\\\/2017\\\/01\\\/laugar_merki_antexta-kip.jpg\",\"contentUrl\":\"https:\\\/\\\/laugar.is\\\/wp-content\\\/uploads\\\/2017\\\/01\\\/laugar_merki_antexta-kip.jpg\",\"width\":536,\"height\":551,\"caption\":\"Framhaldssk\u00f3linn \u00e1 Laugum\"},\"image\":{\"@id\":\"https:\\\/\\\/laugar.is\\\/#\\\/schema\\\/logo\\\/image\\\/\"},\"sameAs\":[\"https:\\\/\\\/www.facebook.com\\\/laugaskoli\\\/\"]}]}<\/script>\n<!-- \/ Yoast SEO plugin. -->","yoast_head_json":{"title":"Sk\u00fdrslur - FRAMHALDSSK\u00d3LINN \u00c1 LAUGUM","robots":{"index":"index","follow":"follow","max-snippet":"max-snippet:-1","max-image-preview":"max-image-preview:large","max-video-preview":"max-video-preview:-1"},"canonical":"https:\/\/laugar.is\/?page_id=79","og_locale":"is_IS","og_type":"article","og_title":"Sk\u00fdrslur - FRAMHALDSSK\u00d3LINN \u00c1 LAUGUM","og_description":"\u00c1rssk\u00fdrslur \u00c1rssk\u00fdrsla 2013 \u00c1rssk\u00fdrsla 2014 \u00c1rssk\u00fdrsla&nbsp;2015 \u00c1rssk\u00fdrsla 2016 \u00c1rssk\u00fdrsla 2017 \u00c1rssk\u00fdrsla 2018 \u00c1rssk\u00fdrsla 2019 \u00c1rssk\u00fdrsla 2020 \u00c1rssk\u00fdrsla 2021 \u00c1rssk\u00fdrsla 2022 \u00c1rssk\u00fdrsla 2023 Sj\u00e1lfsmat Sj\u00e1lfsmatssk\u00fdrsla 2011-2012 Sj\u00e1lfsmatssk\u00fdrsla 2012-2013 Sj\u00e1lfsmatssk\u00fdrsla 2013-2014 Sj\u00e1lfsmatssk\u00fdrsla 2014-2015 Sj\u00e1lfsmatssk\u00fdrsla 2015-2016 Sj\u00e1lfsmatssk\u00fdrsla 2016-2017 Sj\u00e1lfsmatssk\u00fdrsla 2017-2018 Sj\u00e1lfsmatssk\u00fdrsla 2018-2019 Sj\u00e1lfsmatssk\u00fdrsla 2019-2020 Sj\u00e1lfsmatssk\u00fdrsla 2020-2021 Sj\u00e1lfsmatssk\u00fdrsla 2021-2022 Sj\u00e1lfsmatssk\u00fdrsla 2022-2023 Sj\u00e1lfsmatssk\u00fdrsla 2023-2024 Sj\u00e1lfssmatssk\u00fdrlsa 2024-2025 Sk\u00f3lasamningur Sk\u00f3lasamningur 2015-2019 Vi\u00f0auki vi\u00f0 sk\u00f3lasamning 2015-2019 Starfsemi 2000-2001 2002-2003 2003-2004 2004-2005 2007-2008 2008-2009 2009-2010 2010-2011 Stofnanasamningur Stofnanasamningur Stofnun ...Lestu \u00e1fram","og_url":"https:\/\/laugar.is\/?page_id=79","og_site_name":"FRAMHALDSSK\u00d3LINN \u00c1 LAUGUM","article_publisher":"https:\/\/www.facebook.com\/laugaskoli\/","article_modified_time":"2025-09-03T10:31:50+00:00","twitter_card":"summary_large_image","twitter_misc":{"Est. reading time":"2 minutes"},"schema":{"@context":"https:\/\/schema.org","@graph":[{"@type":"WebPage","@id":"https:\/\/laugar.is\/?page_id=79","url":"https:\/\/laugar.is\/?page_id=79","name":"Sk\u00fdrslur - FRAMHALDSSK\u00d3LINN \u00c1 LAUGUM","isPartOf":{"@id":"https:\/\/laugar.is\/#website"},"datePublished":"2016-02-18T11:27:30+00:00","dateModified":"2025-09-03T10:31:50+00:00","breadcrumb":{"@id":"https:\/\/laugar.is\/?page_id=79#breadcrumb"},"inLanguage":"is","potentialAction":[{"@type":"ReadAction","target":["https:\/\/laugar.is\/?page_id=79"]}]},{"@type":"BreadcrumbList","@id":"https:\/\/laugar.is\/?page_id=79#breadcrumb","itemListElement":[{"@type":"ListItem","position":1,"name":"Home","item":"https:\/\/laugar.is\/"},{"@type":"ListItem","position":2,"name":"SK\u00d3LINN","item":"https:\/\/laugar.is\/?page_id=4"},{"@type":"ListItem","position":3,"name":"Sk\u00fdrslur"}]},{"@type":"WebSite","@id":"https:\/\/laugar.is\/#website","url":"https:\/\/laugar.is\/","name":"FRAMHALDSSK\u00d3LINN \u00c1 LAUGUM","description":"Metna\u00f0ur - Tr\u00famennska  - Tillitssemi - Gla\u00f0lyndi","publisher":{"@id":"https:\/\/laugar.is\/#organization"},"potentialAction":[{"@type":"SearchAction","target":{"@type":"EntryPoint","urlTemplate":"https:\/\/laugar.is\/?s={search_term_string}"},"query-input":{"@type":"PropertyValueSpecification","valueRequired":true,"valueName":"search_term_string"}}],"inLanguage":"is"},{"@type":"Organization","@id":"https:\/\/laugar.is\/#organization","name":"Framhaldssk\u00f3linn \u00e1 Laugum","url":"https:\/\/laugar.is\/","logo":{"@type":"ImageObject","inLanguage":"is","@id":"https:\/\/laugar.is\/#\/schema\/logo\/image\/","url":"https:\/\/laugar.is\/wp-content\/uploads\/2017\/01\/laugar_merki_antexta-kip.jpg","contentUrl":"https:\/\/laugar.is\/wp-content\/uploads\/2017\/01\/laugar_merki_antexta-kip.jpg","width":536,"height":551,"caption":"Framhaldssk\u00f3linn \u00e1 Laugum"},"image":{"@id":"https:\/\/laugar.is\/#\/schema\/logo\/image\/"},"sameAs":["https:\/\/www.facebook.com\/laugaskoli\/"]}]}},"_links":{"self":[{"href":"https:\/\/laugar.is\/index.php?rest_route=\/wp\/v2\/pages\/79","targetHints":{"allow":["GET"]}}],"collection":[{"href":"https:\/\/laugar.is\/index.php?rest_route=\/wp\/v2\/pages"}],"about":[{"href":"https:\/\/laugar.is\/index.php?rest_route=\/wp\/v2\/types\/page"}],"author":[{"embeddable":true,"href":"https:\/\/laugar.is\/index.php?rest_route=\/wp\/v2\/users\/1"}],"replies":[{"embeddable":true,"href":"https:\/\/laugar.is\/index.php?rest_route=%2Fwp%2Fv2%2Fcomments&post=79"}],"version-history":[{"count":6,"href":"https:\/\/laugar.is\/index.php?rest_route=\/wp\/v2\/pages\/79\/revisions"}],"predecessor-version":[{"id":9260,"href":"https:\/\/laugar.is\/index.php?rest_route=\/wp\/v2\/pages\/79\/revisions\/9260"}],"up":[{"embeddable":true,"href":"https:\/\/laugar.is\/index.php?rest_route=\/wp\/v2\/pages\/4"}],"wp:attachment":[{"href":"https:\/\/laugar.is\/index.php?rest_route=%2Fwp%2Fv2%2Fmedia&parent=79"}],"curies":[{"name":"wp","href":"https:\/\/api.w.org\/{rel}","templated":true}]}}