{"id":221,"date":"2016-12-16T14:03:35","date_gmt":"2016-12-16T14:03:35","guid":{"rendered":"http:\/\/laugar.is\/?page_id=221"},"modified":"2025-01-29T15:03:59","modified_gmt":"2025-01-29T15:03:59","slug":"skrifstofa","status":"publish","type":"page","link":"https:\/\/laugar.is\/?page_id=221","title":{"rendered":"Skrifstofa"},"content":{"rendered":"<h5><img loading=\"lazy\" decoding=\"async\" class=\"alignnone wp-image-6170\" src=\"https:\/\/laugar.is\/wp-content\/uploads\/2024\/04\/cropped-laugar_merki_high-300x300.jpg\" alt=\"\" width=\"109\" height=\"109\" srcset=\"https:\/\/laugar.is\/wp-content\/uploads\/2024\/04\/cropped-laugar_merki_high-300x300.jpg 300w, https:\/\/laugar.is\/wp-content\/uploads\/2024\/04\/cropped-laugar_merki_high-150x150.jpg 150w, https:\/\/laugar.is\/wp-content\/uploads\/2024\/04\/cropped-laugar_merki_high-270x270.jpg 270w, https:\/\/laugar.is\/wp-content\/uploads\/2024\/04\/cropped-laugar_merki_high-192x192.jpg 192w, https:\/\/laugar.is\/wp-content\/uploads\/2024\/04\/cropped-laugar_merki_high-180x180.jpg 180w, https:\/\/laugar.is\/wp-content\/uploads\/2024\/04\/cropped-laugar_merki_high-32x32.jpg 32w, https:\/\/laugar.is\/wp-content\/uploads\/2024\/04\/cropped-laugar_merki_high.jpg 512w\" sizes=\"auto, (max-width: 109px) 100vw, 109px\" \/><\/h5>\n<p>&nbsp;<\/p>\n<p>&nbsp;<\/p>\n<h5><strong>Opnunart\u00edmi skrifstofunnar er sem h\u00e9r segir:<\/strong><\/h5>\n<table style=\"width: 45.3843%;\" border=\"0\">\n<tbody>\n<tr>\n<td style=\"width: 93.0983%;\">M\u00e1nudaga &#8211; f\u00f6studaga: <strong>&nbsp;kl. 08.30 &#8211; 12.30<\/strong><\/td>\n<td style=\"width: 119.242%;\">&nbsp;<\/td>\n<\/tr>\n<\/tbody>\n<\/table>\n<h5><strong>Ritari sk\u00f3lans er sta\u00f0settur \u00ed andyri Gamla sk\u00f3la.<\/strong><\/h5>\n<p>\u00dear eru veittar allar m\u00f6gulegar uppl\u00fdsingar um \u00fea\u00f0 sem l\u00fdtur a\u00f0 sk\u00f3lastarfinu. \u00dear geta nemendur fengi\u00f0 uppl\u00fdsingar um n\u00e1msferil sinn, fjarvistir, refsistig fyrir brot \u00e1 reglum sk\u00f3lans, ef um \u00fea\u00f0 er a\u00f0 r\u00e6\u00f0a, \u00e1\u00e6tlunarfer\u00f0ir til og fr\u00e1 Laugum o.fl. Ritari a\u00f0sto\u00f0ar nemendur vi\u00f0 t\u00edmapantanir hj\u00e1 l\u00e6knum, og \u00f6\u00f0rum, ef \u00f3ska\u00f0 er eftir \u00fev\u00ed. Ritari innir af hendi \u00f6nnur almenn skrifstofust\u00f6rf \u00ed \u00fe\u00e1gu sk\u00f3lans.<\/p>\n<h6>&nbsp;<\/h6>\n<h6>Skrifstofus\u00edmi: <strong>464 6300<\/strong><br \/>\nRitari er <strong>S\u00f3lborg Matth\u00edasd\u00f3ttir&nbsp;<\/strong><br \/>\nNetfang: <strong><a href=\"solla@laugar.is\">solla@laugar.is<\/a><\/strong><\/h6>\n<p>&nbsp;<\/p>\n<h5>&nbsp;<\/h5>\n<h5><strong>Fj\u00e1rm\u00e1lastj\u00f3ri er sta\u00f0settur \u00e1 2. h\u00e6\u00f0 Gamla sk\u00f3la.<\/strong><\/h5>\n<h5>H\u00fan heldur utanum b\u00f3khald og fj\u00e1rm\u00e1l sk\u00f3lans og veitir uppl\u00fdsingar er var\u00f0ar grei\u00f0slur, fj\u00e1rm\u00e1l, sk\u00f3lagj\u00f6ld og fleira \u00ed \u00feeim d\u00far.<\/h5>\n<h6>&nbsp;<\/h6>\n<h6>S\u00edmi fj\u00e1rm\u00e1lastj\u00f3ra: <strong>464 6303<\/strong><br \/>\nFj\u00e1rm\u00e1lastj\u00f3ri&nbsp;er <strong>\u00de\u00f3runn Sigtryggsd\u00f3ttir<br \/>\n<\/strong>Netfang:<strong> <a href=\"mailto:fjarmal@laugar.is\">fjarmal@laugar.is<\/a><\/strong><\/h6>\n<p>&nbsp;<\/p>\n<p>&nbsp;<\/p>\n<p>&nbsp;<\/p>\n<p>&nbsp;<\/p>\n<p>&nbsp;<\/p>\n","protected":false},"excerpt":{"rendered":"<p>&nbsp; &nbsp; Opnunart\u00edmi skrifstofunnar er sem h\u00e9r segir: M\u00e1nudaga &#8211; f\u00f6studaga: &nbsp;kl. 08.30 &#8211; 12.30 &nbsp; Ritari sk\u00f3lans er sta\u00f0settur \u00ed andyri Gamla sk\u00f3la. \u00dear eru veittar allar m\u00f6gulegar uppl\u00fdsingar um \u00fea\u00f0 sem l\u00fdtur a\u00f0 sk\u00f3lastarfinu. \u00dear geta nemendur fengi\u00f0 uppl\u00fdsingar um n\u00e1msferil sinn, fjarvistir, refsistig fyrir brot \u00e1 reglum sk\u00f3lans, ef um \u00fea\u00f0 er a\u00f0 r\u00e6\u00f0a, \u00e1\u00e6tlunarfer\u00f0ir til og fr\u00e1 Laugum o.fl. Ritari a\u00f0sto\u00f0ar nemendur vi\u00f0 t\u00edmapantanir hj\u00e1 l\u00e6knum, <a class=\"more-link\" href=\"https:\/\/laugar.is\/?page_id=221\">&#8230;Lestu \u00e1fram<\/a><\/p>\n","protected":false},"author":1,"featured_media":0,"parent":219,"menu_order":0,"comment_status":"closed","ping_status":"closed","template":"","meta":{"_acf_changed":false,"_lmt_disableupdate":"no","_lmt_disable":"no","ngg_post_thumbnail":0,"footnotes":""},"class_list":["post-221","page","type-page","status-publish","hentry"],"acf":[],"yoast_head":"<!-- This site is optimized with the Yoast SEO plugin v27.5 - https:\/\/yoast.com\/product\/yoast-seo-wordpress\/ -->\n<title>Skrifstofa - FRAMHALDSSK\u00d3LINN \u00c1 LAUGUM<\/title>\n<meta name=\"description\" content=\"Skrifstofa Framhaldssk\u00f3linn \u00e1 Laugum\" \/>\n<meta name=\"robots\" content=\"index, follow, max-snippet:-1, max-image-preview:large, max-video-preview:-1\" \/>\n<link rel=\"canonical\" href=\"https:\/\/laugar.is\/?page_id=221\" \/>\n<meta property=\"og:locale\" content=\"is_IS\" \/>\n<meta property=\"og:type\" content=\"article\" \/>\n<meta property=\"og:title\" content=\"Skrifstofa - FRAMHALDSSK\u00d3LINN \u00c1 LAUGUM\" \/>\n<meta property=\"og:description\" content=\"Skrifstofa Framhaldssk\u00f3linn \u00e1 Laugum\" \/>\n<meta property=\"og:url\" content=\"https:\/\/laugar.is\/?page_id=221\" \/>\n<meta property=\"og:site_name\" content=\"FRAMHALDSSK\u00d3LINN \u00c1 LAUGUM\" \/>\n<meta property=\"article:publisher\" content=\"https:\/\/www.facebook.com\/laugaskoli\/\" \/>\n<meta property=\"article:modified_time\" content=\"2025-01-29T15:03:59+00:00\" \/>\n<meta property=\"og:image\" content=\"https:\/\/laugar.is\/wp-content\/uploads\/2024\/04\/cropped-laugar_merki_high.jpg\" \/>\n\t<meta property=\"og:image:width\" content=\"512\" \/>\n\t<meta property=\"og:image:height\" content=\"512\" \/>\n\t<meta property=\"og:image:type\" content=\"image\/jpeg\" \/>\n<meta name=\"twitter:card\" content=\"summary_large_image\" \/>\n<meta name=\"twitter:label1\" content=\"Est. reading time\" \/>\n\t<meta name=\"twitter:data1\" content=\"1 minute\" \/>\n<script type=\"application\/ld+json\" class=\"yoast-schema-graph\">{\"@context\":\"https:\\\/\\\/schema.org\",\"@graph\":[{\"@type\":\"WebPage\",\"@id\":\"https:\\\/\\\/laugar.is\\\/?page_id=221\",\"url\":\"https:\\\/\\\/laugar.is\\\/?page_id=221\",\"name\":\"Skrifstofa - FRAMHALDSSK\u00d3LINN \u00c1 LAUGUM\",\"isPartOf\":{\"@id\":\"https:\\\/\\\/laugar.is\\\/#website\"},\"primaryImageOfPage\":{\"@id\":\"https:\\\/\\\/laugar.is\\\/?page_id=221#primaryimage\"},\"image\":{\"@id\":\"https:\\\/\\\/laugar.is\\\/?page_id=221#primaryimage\"},\"thumbnailUrl\":\"https:\\\/\\\/laugar.is\\\/wp-content\\\/uploads\\\/2024\\\/04\\\/cropped-laugar_merki_high-300x300.jpg\",\"datePublished\":\"2016-12-16T14:03:35+00:00\",\"dateModified\":\"2025-01-29T15:03:59+00:00\",\"description\":\"Skrifstofa Framhaldssk\u00f3linn \u00e1 Laugum\",\"breadcrumb\":{\"@id\":\"https:\\\/\\\/laugar.is\\\/?page_id=221#breadcrumb\"},\"inLanguage\":\"is\",\"potentialAction\":[{\"@type\":\"ReadAction\",\"target\":[\"https:\\\/\\\/laugar.is\\\/?page_id=221\"]}]},{\"@type\":\"ImageObject\",\"inLanguage\":\"is\",\"@id\":\"https:\\\/\\\/laugar.is\\\/?page_id=221#primaryimage\",\"url\":\"https:\\\/\\\/laugar.is\\\/wp-content\\\/uploads\\\/2024\\\/04\\\/cropped-laugar_merki_high.jpg\",\"contentUrl\":\"https:\\\/\\\/laugar.is\\\/wp-content\\\/uploads\\\/2024\\\/04\\\/cropped-laugar_merki_high.jpg\",\"width\":512,\"height\":512},{\"@type\":\"BreadcrumbList\",\"@id\":\"https:\\\/\\\/laugar.is\\\/?page_id=221#breadcrumb\",\"itemListElement\":[{\"@type\":\"ListItem\",\"position\":1,\"name\":\"Home\",\"item\":\"https:\\\/\\\/laugar.is\\\/\"},{\"@type\":\"ListItem\",\"position\":2,\"name\":\"\u00deJ\u00d3NUSTA\",\"item\":\"https:\\\/\\\/laugar.is\\\/?page_id=219\"},{\"@type\":\"ListItem\",\"position\":3,\"name\":\"Skrifstofa\"}]},{\"@type\":\"WebSite\",\"@id\":\"https:\\\/\\\/laugar.is\\\/#website\",\"url\":\"https:\\\/\\\/laugar.is\\\/\",\"name\":\"FRAMHALDSSK\u00d3LINN \u00c1 LAUGUM\",\"description\":\"Metna\u00f0ur - Tr\u00famennska  - Tillitssemi - Gla\u00f0lyndi\",\"publisher\":{\"@id\":\"https:\\\/\\\/laugar.is\\\/#organization\"},\"potentialAction\":[{\"@type\":\"SearchAction\",\"target\":{\"@type\":\"EntryPoint\",\"urlTemplate\":\"https:\\\/\\\/laugar.is\\\/?s={search_term_string}\"},\"query-input\":{\"@type\":\"PropertyValueSpecification\",\"valueRequired\":true,\"valueName\":\"search_term_string\"}}],\"inLanguage\":\"is\"},{\"@type\":\"Organization\",\"@id\":\"https:\\\/\\\/laugar.is\\\/#organization\",\"name\":\"Framhaldssk\u00f3linn \u00e1 Laugum\",\"url\":\"https:\\\/\\\/laugar.is\\\/\",\"logo\":{\"@type\":\"ImageObject\",\"inLanguage\":\"is\",\"@id\":\"https:\\\/\\\/laugar.is\\\/#\\\/schema\\\/logo\\\/image\\\/\",\"url\":\"https:\\\/\\\/laugar.is\\\/wp-content\\\/uploads\\\/2017\\\/01\\\/laugar_merki_antexta-kip.jpg\",\"contentUrl\":\"https:\\\/\\\/laugar.is\\\/wp-content\\\/uploads\\\/2017\\\/01\\\/laugar_merki_antexta-kip.jpg\",\"width\":536,\"height\":551,\"caption\":\"Framhaldssk\u00f3linn \u00e1 Laugum\"},\"image\":{\"@id\":\"https:\\\/\\\/laugar.is\\\/#\\\/schema\\\/logo\\\/image\\\/\"},\"sameAs\":[\"https:\\\/\\\/www.facebook.com\\\/laugaskoli\\\/\"]}]}<\/script>\n<!-- \/ Yoast SEO plugin. -->","yoast_head_json":{"title":"Skrifstofa - FRAMHALDSSK\u00d3LINN \u00c1 LAUGUM","description":"Skrifstofa Framhaldssk\u00f3linn \u00e1 Laugum","robots":{"index":"index","follow":"follow","max-snippet":"max-snippet:-1","max-image-preview":"max-image-preview:large","max-video-preview":"max-video-preview:-1"},"canonical":"https:\/\/laugar.is\/?page_id=221","og_locale":"is_IS","og_type":"article","og_title":"Skrifstofa - FRAMHALDSSK\u00d3LINN \u00c1 LAUGUM","og_description":"Skrifstofa Framhaldssk\u00f3linn \u00e1 Laugum","og_url":"https:\/\/laugar.is\/?page_id=221","og_site_name":"FRAMHALDSSK\u00d3LINN \u00c1 LAUGUM","article_publisher":"https:\/\/www.facebook.com\/laugaskoli\/","article_modified_time":"2025-01-29T15:03:59+00:00","og_image":[{"width":512,"height":512,"url":"https:\/\/laugar.is\/wp-content\/uploads\/2024\/04\/cropped-laugar_merki_high.jpg","type":"image\/jpeg"}],"twitter_card":"summary_large_image","twitter_misc":{"Est. reading time":"1 minute"},"schema":{"@context":"https:\/\/schema.org","@graph":[{"@type":"WebPage","@id":"https:\/\/laugar.is\/?page_id=221","url":"https:\/\/laugar.is\/?page_id=221","name":"Skrifstofa - FRAMHALDSSK\u00d3LINN \u00c1 LAUGUM","isPartOf":{"@id":"https:\/\/laugar.is\/#website"},"primaryImageOfPage":{"@id":"https:\/\/laugar.is\/?page_id=221#primaryimage"},"image":{"@id":"https:\/\/laugar.is\/?page_id=221#primaryimage"},"thumbnailUrl":"https:\/\/laugar.is\/wp-content\/uploads\/2024\/04\/cropped-laugar_merki_high-300x300.jpg","datePublished":"2016-12-16T14:03:35+00:00","dateModified":"2025-01-29T15:03:59+00:00","description":"Skrifstofa Framhaldssk\u00f3linn \u00e1 Laugum","breadcrumb":{"@id":"https:\/\/laugar.is\/?page_id=221#breadcrumb"},"inLanguage":"is","potentialAction":[{"@type":"ReadAction","target":["https:\/\/laugar.is\/?page_id=221"]}]},{"@type":"ImageObject","inLanguage":"is","@id":"https:\/\/laugar.is\/?page_id=221#primaryimage","url":"https:\/\/laugar.is\/wp-content\/uploads\/2024\/04\/cropped-laugar_merki_high.jpg","contentUrl":"https:\/\/laugar.is\/wp-content\/uploads\/2024\/04\/cropped-laugar_merki_high.jpg","width":512,"height":512},{"@type":"BreadcrumbList","@id":"https:\/\/laugar.is\/?page_id=221#breadcrumb","itemListElement":[{"@type":"ListItem","position":1,"name":"Home","item":"https:\/\/laugar.is\/"},{"@type":"ListItem","position":2,"name":"\u00deJ\u00d3NUSTA","item":"https:\/\/laugar.is\/?page_id=219"},{"@type":"ListItem","position":3,"name":"Skrifstofa"}]},{"@type":"WebSite","@id":"https:\/\/laugar.is\/#website","url":"https:\/\/laugar.is\/","name":"FRAMHALDSSK\u00d3LINN \u00c1 LAUGUM","description":"Metna\u00f0ur - Tr\u00famennska  - Tillitssemi - Gla\u00f0lyndi","publisher":{"@id":"https:\/\/laugar.is\/#organization"},"potentialAction":[{"@type":"SearchAction","target":{"@type":"EntryPoint","urlTemplate":"https:\/\/laugar.is\/?s={search_term_string}"},"query-input":{"@type":"PropertyValueSpecification","valueRequired":true,"valueName":"search_term_string"}}],"inLanguage":"is"},{"@type":"Organization","@id":"https:\/\/laugar.is\/#organization","name":"Framhaldssk\u00f3linn \u00e1 Laugum","url":"https:\/\/laugar.is\/","logo":{"@type":"ImageObject","inLanguage":"is","@id":"https:\/\/laugar.is\/#\/schema\/logo\/image\/","url":"https:\/\/laugar.is\/wp-content\/uploads\/2017\/01\/laugar_merki_antexta-kip.jpg","contentUrl":"https:\/\/laugar.is\/wp-content\/uploads\/2017\/01\/laugar_merki_antexta-kip.jpg","width":536,"height":551,"caption":"Framhaldssk\u00f3linn \u00e1 Laugum"},"image":{"@id":"https:\/\/laugar.is\/#\/schema\/logo\/image\/"},"sameAs":["https:\/\/www.facebook.com\/laugaskoli\/"]}]}},"_links":{"self":[{"href":"https:\/\/laugar.is\/index.php?rest_route=\/wp\/v2\/pages\/221","targetHints":{"allow":["GET"]}}],"collection":[{"href":"https:\/\/laugar.is\/index.php?rest_route=\/wp\/v2\/pages"}],"about":[{"href":"https:\/\/laugar.is\/index.php?rest_route=\/wp\/v2\/types\/page"}],"author":[{"embeddable":true,"href":"https:\/\/laugar.is\/index.php?rest_route=\/wp\/v2\/users\/1"}],"replies":[{"embeddable":true,"href":"https:\/\/laugar.is\/index.php?rest_route=%2Fwp%2Fv2%2Fcomments&post=221"}],"version-history":[{"count":22,"href":"https:\/\/laugar.is\/index.php?rest_route=\/wp\/v2\/pages\/221\/revisions"}],"predecessor-version":[{"id":7010,"href":"https:\/\/laugar.is\/index.php?rest_route=\/wp\/v2\/pages\/221\/revisions\/7010"}],"up":[{"embeddable":true,"href":"https:\/\/laugar.is\/index.php?rest_route=\/wp\/v2\/pages\/219"}],"wp:attachment":[{"href":"https:\/\/laugar.is\/index.php?rest_route=%2Fwp%2Fv2%2Fmedia&parent=221"}],"curies":[{"name":"wp","href":"https:\/\/api.w.org\/{rel}","templated":true}]}}