{"id":219,"date":"2016-12-16T13:59:05","date_gmt":"2016-12-16T13:59:05","guid":{"rendered":"http:\/\/laugar.is\/?page_id=219"},"modified":"2025-01-29T15:02:45","modified_gmt":"2025-01-29T15:02:45","slug":"thjonusta","status":"publish","type":"page","link":"https:\/\/laugar.is\/?page_id=219","title":{"rendered":"\u00deJ\u00d3NUSTA"},"content":{"rendered":"<h4>&nbsp;<\/h4>\n<p><img loading=\"lazy\" decoding=\"async\" class=\"alignleft wp-image-6170\" src=\"https:\/\/laugar.is\/wp-content\/uploads\/2024\/04\/cropped-laugar_merki_high-300x300.jpg\" alt=\"\" width=\"91\" height=\"91\" srcset=\"https:\/\/laugar.is\/wp-content\/uploads\/2024\/04\/cropped-laugar_merki_high-300x300.jpg 300w, https:\/\/laugar.is\/wp-content\/uploads\/2024\/04\/cropped-laugar_merki_high-150x150.jpg 150w, https:\/\/laugar.is\/wp-content\/uploads\/2024\/04\/cropped-laugar_merki_high-270x270.jpg 270w, https:\/\/laugar.is\/wp-content\/uploads\/2024\/04\/cropped-laugar_merki_high-192x192.jpg 192w, https:\/\/laugar.is\/wp-content\/uploads\/2024\/04\/cropped-laugar_merki_high-180x180.jpg 180w, https:\/\/laugar.is\/wp-content\/uploads\/2024\/04\/cropped-laugar_merki_high-32x32.jpg 32w, https:\/\/laugar.is\/wp-content\/uploads\/2024\/04\/cropped-laugar_merki_high.jpg 512w\" sizes=\"auto, (max-width: 91px) 100vw, 91px\" \/><\/p>\n<h6><strong>Starfsf\u00f3lk Framhaldssk\u00f3lans \u00e1 Laugum<\/strong><\/h6>\n<h6><em><strong> leggur metna\u00f0 sinn \u00ed a\u00f0 veita <\/strong><\/em><em><strong>nemendum sk\u00f3lans bestu m\u00f6gulegu \u00fej\u00f3nustu.<\/strong><\/em><\/h6>\n<p>&nbsp;<\/p>\n<p>\u00c1 <a href=\"http:\/\/laugar.is\/?page_id=221\"><strong>skrifstofu sk\u00f3lans<\/strong><\/a> \u00ed anddyrinu starfar sk\u00f3laritarinn,&nbsp;S\u00f3lborg Matth\u00edasd\u00f3ttir (Solla ) solla@laugar.is sem veitir uppl\u00fdsingar um \u00fea\u00f0 sem l\u00fdtur a\u00f0 sk\u00f3lastarfinu \u00e1samt \u00fdmiskonar annarri a\u00f0sto\u00f0 og afgrei\u00f0slu.<\/p>\n<p><a href=\"http:\/\/laugar.is\/?page_id=223\"><strong>N\u00e1msr\u00e1\u00f0gjafi<\/strong> <\/a>er Eygl\u00f3 S\u00f3fusd\u00f3ttir sem hefur a\u00f0setur inn af Bjarmalandi. N\u00e1msr\u00e1\u00f0gjafi a\u00f0sto\u00f0ar nemendur vi\u00f0 lausn vandam\u00e1la sem tengjast n\u00e1mi e\u00f0a f\u00e9lagslegum \u00fe\u00e1ttum sk\u00f3lavistarinnar.<\/p>\n<p><strong><a href=\"http:\/\/laugar.is\/?page_id=240\">Kerfisstj\u00f3ri<\/a><\/strong> er Kristinn Ingi P\u00e9tursson sem rekur net- og t\u00f6lvukerfi sk\u00f3lans. Hann er me\u00f0 skrifstofu \u00e1 2. h\u00e6\u00f0 Gamla sk\u00f3la og tekur \u00fear \u00e1 m\u00f3ti starfsm\u00f6nnum og nemendum sem \u00feurfa hj\u00e1lp me\u00f0 t\u00f6lvum\u00e1lin.<\/p>\n<p>\u00c1 efstu h\u00e6\u00f0 er <strong><a href=\"http:\/\/laugar.is\/?page_id=249\">b\u00f3kasafn<\/a><\/strong> sk\u00f3lans \u00fear sem safnver\u00f0ir&nbsp;a\u00f0sto\u00f0a nemendur og kennara vi\u00f0 heimildaleit og uppl\u00fdsinga\u00f6flun \u00e1samt \u00fev\u00ed a\u00f0 lei\u00f0beina \u00feeim um notkun safnsins.<\/p>\n<p>\u00cd&nbsp;<strong><a href=\"http:\/\/laugar.is\/?page_id=211\">m\u00f6tuneytinu<\/a><\/strong>&nbsp;s\u00e9r kokkurinn og f\u00f6runeyti hans um a\u00f0 matrei\u00f0a ofan \u00ed nemendur og starfsf\u00f3lk.<\/p>\n<p>\u00cd kjallaranum er <strong><a href=\"http:\/\/laugar.is\/?page_id=246\">\u00fevottah\u00fas <\/a><\/strong>\u00fear sem \u00fevottastj\u00f3ri \u00fev\u00e6r, \u00feurrkar og br\u00fdtur saman \u00fevott nemenda.<\/p>\n<p>S\u00f6mulei\u00f0is hefur \u00ed kjallaranum a\u00f0setur <a href=\"https:\/\/laugar.is\/?page_id=233\"><strong>umsj\u00f3narma\u00f0ur<\/strong> <strong>fasteigna<\/strong><\/a> sem hefur eftirlit me\u00f0 h\u00fasn\u00e6\u00f0i sk\u00f3lans og er nemendum innan handar ef upp koma vandam\u00e1l \u00e1 heimavistum er tengjast h\u00fasn\u00e6\u00f0inu sj\u00e1lfu.<\/p>\n<p>\u00de\u00e1 eru <strong><a href=\"http:\/\/laugar.is\/?page_id=231\">h\u00fasb\u00e6ndur \u00e1 vakt \u00f6ll kv\u00f6ld<\/a> <\/strong>vikunnar og eru nemendum innan handar me\u00f0 \u00fdmislegt sem kann a\u00f0 koma upp utan venjulegs sk\u00f3lat\u00edma.<\/p>\n<p>\u00c1 Laugum er<strong> <a href=\"https:\/\/laugar.is\/?page_id=533\">\u00ed\u00fer\u00f3ttaa\u00f0sta\u00f0an<\/a><\/strong> ein s\u00fa besta \u00ed framhaldssk\u00f3lum \u00e1 \u00cdslandi&nbsp;<\/p>\n<p>H\u00e9r m\u00e1 finna uppl\u00fdsingar um <a href=\"https:\/\/laugar.is\/?page_id=229\"><strong>heilsug\u00e6slu<\/strong>&nbsp;<\/a><\/p>\n<p>Og ef \u00feig vantar n\u00e1nari uppl\u00fdsingar <strong><a href=\"https:\/\/laugar.is\/?page_id=28\">Viltu heyra \u00ed okkur ?<\/a><\/strong><\/p>\n<p>&nbsp;<\/p>\n<h6><strong>Einkunnaror\u00f0 sk\u00f3lans:<\/strong>&nbsp; METNA\u00d0UR &#8211; TR\u00daMENNSKA &#8211; TILLITSEMI &#8211; GLA\u00d0LYNDI&nbsp;<\/h6>\n<p>&nbsp;<\/p>\n","protected":false},"excerpt":{"rendered":"<p>&nbsp; Starfsf\u00f3lk Framhaldssk\u00f3lans \u00e1 Laugum leggur metna\u00f0 sinn \u00ed a\u00f0 veita nemendum sk\u00f3lans bestu m\u00f6gulegu \u00fej\u00f3nustu. &nbsp; \u00c1 skrifstofu sk\u00f3lans \u00ed anddyrinu starfar sk\u00f3laritarinn,&nbsp;S\u00f3lborg Matth\u00edasd\u00f3ttir (Solla ) solla@laugar.is sem veitir uppl\u00fdsingar um \u00fea\u00f0 sem l\u00fdtur a\u00f0 sk\u00f3lastarfinu \u00e1samt \u00fdmiskonar annarri a\u00f0sto\u00f0 og afgrei\u00f0slu. N\u00e1msr\u00e1\u00f0gjafi er Eygl\u00f3 S\u00f3fusd\u00f3ttir sem hefur a\u00f0setur inn af Bjarmalandi. N\u00e1msr\u00e1\u00f0gjafi a\u00f0sto\u00f0ar nemendur vi\u00f0 lausn vandam\u00e1la sem tengjast n\u00e1mi e\u00f0a f\u00e9lagslegum \u00fe\u00e1ttum sk\u00f3lavistarinnar. Kerfisstj\u00f3ri er Kristinn Ingi <a class=\"more-link\" href=\"https:\/\/laugar.is\/?page_id=219\">&#8230;Lestu \u00e1fram<\/a><\/p>\n","protected":false},"author":1,"featured_media":0,"parent":0,"menu_order":0,"comment_status":"closed","ping_status":"closed","template":"","meta":{"_acf_changed":false,"_lmt_disableupdate":"no","_lmt_disable":"no","ngg_post_thumbnail":0,"footnotes":""},"class_list":["post-219","page","type-page","status-publish","hentry"],"acf":[],"yoast_head":"<!-- This site is optimized with the Yoast SEO plugin v27.4 - https:\/\/yoast.com\/product\/yoast-seo-wordpress\/ -->\n<title>\u00deJ\u00d3NUSTA - FRAMHALDSSK\u00d3LINN \u00c1 LAUGUM<\/title>\n<meta name=\"description\" content=\"\u00dej\u00f3nusta\" \/>\n<meta name=\"robots\" content=\"index, follow, max-snippet:-1, max-image-preview:large, max-video-preview:-1\" \/>\n<link rel=\"canonical\" href=\"https:\/\/laugar.is\/?page_id=219\" \/>\n<meta property=\"og:locale\" content=\"is_IS\" \/>\n<meta property=\"og:type\" content=\"article\" \/>\n<meta property=\"og:title\" content=\"\u00deJ\u00d3NUSTA - FRAMHALDSSK\u00d3LINN \u00c1 LAUGUM\" \/>\n<meta property=\"og:description\" content=\"\u00dej\u00f3nusta\" \/>\n<meta property=\"og:url\" content=\"https:\/\/laugar.is\/?page_id=219\" \/>\n<meta property=\"og:site_name\" content=\"FRAMHALDSSK\u00d3LINN \u00c1 LAUGUM\" \/>\n<meta property=\"article:publisher\" content=\"https:\/\/www.facebook.com\/laugaskoli\/\" \/>\n<meta property=\"article:modified_time\" content=\"2025-01-29T15:02:45+00:00\" \/>\n<meta property=\"og:image\" content=\"https:\/\/laugar.is\/wp-content\/uploads\/2024\/04\/cropped-laugar_merki_high.jpg\" \/>\n\t<meta property=\"og:image:width\" content=\"512\" \/>\n\t<meta property=\"og:image:height\" content=\"512\" \/>\n\t<meta property=\"og:image:type\" content=\"image\/jpeg\" \/>\n<meta name=\"twitter:card\" content=\"summary_large_image\" \/>\n<meta name=\"twitter:label1\" content=\"Est. reading time\" \/>\n\t<meta name=\"twitter:data1\" content=\"2 minutes\" \/>\n<script type=\"application\/ld+json\" class=\"yoast-schema-graph\">{\"@context\":\"https:\\\/\\\/schema.org\",\"@graph\":[{\"@type\":\"WebPage\",\"@id\":\"https:\\\/\\\/laugar.is\\\/?page_id=219\",\"url\":\"https:\\\/\\\/laugar.is\\\/?page_id=219\",\"name\":\"\u00deJ\u00d3NUSTA - FRAMHALDSSK\u00d3LINN \u00c1 LAUGUM\",\"isPartOf\":{\"@id\":\"https:\\\/\\\/laugar.is\\\/#website\"},\"primaryImageOfPage\":{\"@id\":\"https:\\\/\\\/laugar.is\\\/?page_id=219#primaryimage\"},\"image\":{\"@id\":\"https:\\\/\\\/laugar.is\\\/?page_id=219#primaryimage\"},\"thumbnailUrl\":\"https:\\\/\\\/laugar.is\\\/wp-content\\\/uploads\\\/2024\\\/04\\\/cropped-laugar_merki_high-300x300.jpg\",\"datePublished\":\"2016-12-16T13:59:05+00:00\",\"dateModified\":\"2025-01-29T15:02:45+00:00\",\"description\":\"\u00dej\u00f3nusta\",\"breadcrumb\":{\"@id\":\"https:\\\/\\\/laugar.is\\\/?page_id=219#breadcrumb\"},\"inLanguage\":\"is\",\"potentialAction\":[{\"@type\":\"ReadAction\",\"target\":[\"https:\\\/\\\/laugar.is\\\/?page_id=219\"]}]},{\"@type\":\"ImageObject\",\"inLanguage\":\"is\",\"@id\":\"https:\\\/\\\/laugar.is\\\/?page_id=219#primaryimage\",\"url\":\"https:\\\/\\\/laugar.is\\\/wp-content\\\/uploads\\\/2024\\\/04\\\/cropped-laugar_merki_high.jpg\",\"contentUrl\":\"https:\\\/\\\/laugar.is\\\/wp-content\\\/uploads\\\/2024\\\/04\\\/cropped-laugar_merki_high.jpg\",\"width\":512,\"height\":512},{\"@type\":\"BreadcrumbList\",\"@id\":\"https:\\\/\\\/laugar.is\\\/?page_id=219#breadcrumb\",\"itemListElement\":[{\"@type\":\"ListItem\",\"position\":1,\"name\":\"Home\",\"item\":\"https:\\\/\\\/laugar.is\\\/\"},{\"@type\":\"ListItem\",\"position\":2,\"name\":\"\u00deJ\u00d3NUSTA\"}]},{\"@type\":\"WebSite\",\"@id\":\"https:\\\/\\\/laugar.is\\\/#website\",\"url\":\"https:\\\/\\\/laugar.is\\\/\",\"name\":\"FRAMHALDSSK\u00d3LINN \u00c1 LAUGUM\",\"description\":\"Metna\u00f0ur - Tr\u00famennska  - Tillitssemi - Gla\u00f0lyndi\",\"publisher\":{\"@id\":\"https:\\\/\\\/laugar.is\\\/#organization\"},\"potentialAction\":[{\"@type\":\"SearchAction\",\"target\":{\"@type\":\"EntryPoint\",\"urlTemplate\":\"https:\\\/\\\/laugar.is\\\/?s={search_term_string}\"},\"query-input\":{\"@type\":\"PropertyValueSpecification\",\"valueRequired\":true,\"valueName\":\"search_term_string\"}}],\"inLanguage\":\"is\"},{\"@type\":\"Organization\",\"@id\":\"https:\\\/\\\/laugar.is\\\/#organization\",\"name\":\"Framhaldssk\u00f3linn \u00e1 Laugum\",\"url\":\"https:\\\/\\\/laugar.is\\\/\",\"logo\":{\"@type\":\"ImageObject\",\"inLanguage\":\"is\",\"@id\":\"https:\\\/\\\/laugar.is\\\/#\\\/schema\\\/logo\\\/image\\\/\",\"url\":\"https:\\\/\\\/laugar.is\\\/wp-content\\\/uploads\\\/2017\\\/01\\\/laugar_merki_antexta-kip.jpg\",\"contentUrl\":\"https:\\\/\\\/laugar.is\\\/wp-content\\\/uploads\\\/2017\\\/01\\\/laugar_merki_antexta-kip.jpg\",\"width\":536,\"height\":551,\"caption\":\"Framhaldssk\u00f3linn \u00e1 Laugum\"},\"image\":{\"@id\":\"https:\\\/\\\/laugar.is\\\/#\\\/schema\\\/logo\\\/image\\\/\"},\"sameAs\":[\"https:\\\/\\\/www.facebook.com\\\/laugaskoli\\\/\"]}]}<\/script>\n<!-- \/ Yoast SEO plugin. -->","yoast_head_json":{"title":"\u00deJ\u00d3NUSTA - FRAMHALDSSK\u00d3LINN \u00c1 LAUGUM","description":"\u00dej\u00f3nusta","robots":{"index":"index","follow":"follow","max-snippet":"max-snippet:-1","max-image-preview":"max-image-preview:large","max-video-preview":"max-video-preview:-1"},"canonical":"https:\/\/laugar.is\/?page_id=219","og_locale":"is_IS","og_type":"article","og_title":"\u00deJ\u00d3NUSTA - FRAMHALDSSK\u00d3LINN \u00c1 LAUGUM","og_description":"\u00dej\u00f3nusta","og_url":"https:\/\/laugar.is\/?page_id=219","og_site_name":"FRAMHALDSSK\u00d3LINN \u00c1 LAUGUM","article_publisher":"https:\/\/www.facebook.com\/laugaskoli\/","article_modified_time":"2025-01-29T15:02:45+00:00","og_image":[{"width":512,"height":512,"url":"https:\/\/laugar.is\/wp-content\/uploads\/2024\/04\/cropped-laugar_merki_high.jpg","type":"image\/jpeg"}],"twitter_card":"summary_large_image","twitter_misc":{"Est. reading time":"2 minutes"},"schema":{"@context":"https:\/\/schema.org","@graph":[{"@type":"WebPage","@id":"https:\/\/laugar.is\/?page_id=219","url":"https:\/\/laugar.is\/?page_id=219","name":"\u00deJ\u00d3NUSTA - FRAMHALDSSK\u00d3LINN \u00c1 LAUGUM","isPartOf":{"@id":"https:\/\/laugar.is\/#website"},"primaryImageOfPage":{"@id":"https:\/\/laugar.is\/?page_id=219#primaryimage"},"image":{"@id":"https:\/\/laugar.is\/?page_id=219#primaryimage"},"thumbnailUrl":"https:\/\/laugar.is\/wp-content\/uploads\/2024\/04\/cropped-laugar_merki_high-300x300.jpg","datePublished":"2016-12-16T13:59:05+00:00","dateModified":"2025-01-29T15:02:45+00:00","description":"\u00dej\u00f3nusta","breadcrumb":{"@id":"https:\/\/laugar.is\/?page_id=219#breadcrumb"},"inLanguage":"is","potentialAction":[{"@type":"ReadAction","target":["https:\/\/laugar.is\/?page_id=219"]}]},{"@type":"ImageObject","inLanguage":"is","@id":"https:\/\/laugar.is\/?page_id=219#primaryimage","url":"https:\/\/laugar.is\/wp-content\/uploads\/2024\/04\/cropped-laugar_merki_high.jpg","contentUrl":"https:\/\/laugar.is\/wp-content\/uploads\/2024\/04\/cropped-laugar_merki_high.jpg","width":512,"height":512},{"@type":"BreadcrumbList","@id":"https:\/\/laugar.is\/?page_id=219#breadcrumb","itemListElement":[{"@type":"ListItem","position":1,"name":"Home","item":"https:\/\/laugar.is\/"},{"@type":"ListItem","position":2,"name":"\u00deJ\u00d3NUSTA"}]},{"@type":"WebSite","@id":"https:\/\/laugar.is\/#website","url":"https:\/\/laugar.is\/","name":"FRAMHALDSSK\u00d3LINN \u00c1 LAUGUM","description":"Metna\u00f0ur - Tr\u00famennska  - Tillitssemi - Gla\u00f0lyndi","publisher":{"@id":"https:\/\/laugar.is\/#organization"},"potentialAction":[{"@type":"SearchAction","target":{"@type":"EntryPoint","urlTemplate":"https:\/\/laugar.is\/?s={search_term_string}"},"query-input":{"@type":"PropertyValueSpecification","valueRequired":true,"valueName":"search_term_string"}}],"inLanguage":"is"},{"@type":"Organization","@id":"https:\/\/laugar.is\/#organization","name":"Framhaldssk\u00f3linn \u00e1 Laugum","url":"https:\/\/laugar.is\/","logo":{"@type":"ImageObject","inLanguage":"is","@id":"https:\/\/laugar.is\/#\/schema\/logo\/image\/","url":"https:\/\/laugar.is\/wp-content\/uploads\/2017\/01\/laugar_merki_antexta-kip.jpg","contentUrl":"https:\/\/laugar.is\/wp-content\/uploads\/2017\/01\/laugar_merki_antexta-kip.jpg","width":536,"height":551,"caption":"Framhaldssk\u00f3linn \u00e1 Laugum"},"image":{"@id":"https:\/\/laugar.is\/#\/schema\/logo\/image\/"},"sameAs":["https:\/\/www.facebook.com\/laugaskoli\/"]}]}},"_links":{"self":[{"href":"https:\/\/laugar.is\/index.php?rest_route=\/wp\/v2\/pages\/219","targetHints":{"allow":["GET"]}}],"collection":[{"href":"https:\/\/laugar.is\/index.php?rest_route=\/wp\/v2\/pages"}],"about":[{"href":"https:\/\/laugar.is\/index.php?rest_route=\/wp\/v2\/types\/page"}],"author":[{"embeddable":true,"href":"https:\/\/laugar.is\/index.php?rest_route=\/wp\/v2\/users\/1"}],"replies":[{"embeddable":true,"href":"https:\/\/laugar.is\/index.php?rest_route=%2Fwp%2Fv2%2Fcomments&post=219"}],"version-history":[{"count":26,"href":"https:\/\/laugar.is\/index.php?rest_route=\/wp\/v2\/pages\/219\/revisions"}],"predecessor-version":[{"id":7002,"href":"https:\/\/laugar.is\/index.php?rest_route=\/wp\/v2\/pages\/219\/revisions\/7002"}],"wp:attachment":[{"href":"https:\/\/laugar.is\/index.php?rest_route=%2Fwp%2Fv2%2Fmedia&parent=219"}],"curies":[{"name":"wp","href":"https:\/\/api.w.org\/{rel}","templated":true}]}}