{"id":120,"date":"2016-04-06T12:13:43","date_gmt":"2016-04-06T12:13:43","guid":{"rendered":"http:\/\/laugar.is\/?page_id=120"},"modified":"2025-05-01T09:41:08","modified_gmt":"2025-05-01T09:41:08","slug":"natturuvisindabraut","status":"publish","type":"page","link":"https:\/\/laugar.is\/?page_id=120","title":{"rendered":"N\u00e1tt\u00faruv\u00edsindabraut"},"content":{"rendered":"<p><img loading=\"lazy\" decoding=\"async\" class=\"alignnone wp-image-6170\" src=\"https:\/\/laugar.is\/wp-content\/uploads\/2024\/04\/cropped-laugar_merki_high-300x300.jpg\" alt=\"\" width=\"141\" height=\"141\" srcset=\"https:\/\/laugar.is\/wp-content\/uploads\/2024\/04\/cropped-laugar_merki_high-300x300.jpg 300w, https:\/\/laugar.is\/wp-content\/uploads\/2024\/04\/cropped-laugar_merki_high-150x150.jpg 150w, https:\/\/laugar.is\/wp-content\/uploads\/2024\/04\/cropped-laugar_merki_high-270x270.jpg 270w, https:\/\/laugar.is\/wp-content\/uploads\/2024\/04\/cropped-laugar_merki_high-192x192.jpg 192w, https:\/\/laugar.is\/wp-content\/uploads\/2024\/04\/cropped-laugar_merki_high-180x180.jpg 180w, https:\/\/laugar.is\/wp-content\/uploads\/2024\/04\/cropped-laugar_merki_high-32x32.jpg 32w, https:\/\/laugar.is\/wp-content\/uploads\/2024\/04\/cropped-laugar_merki_high.jpg 512w\" sizes=\"auto, (max-width: 141px) 100vw, 141px\" \/><\/p>\n<p>&nbsp;<\/p>\n<h5><strong>\u00c1hersla \u00e1 trausta \u00feekkingu \u00e1 svi\u00f0i n\u00e1tt\u00farufr\u00e6\u00f0i, raunv\u00edsinda og st\u00e6r\u00f0fr\u00e6\u00f0i<\/strong><\/h5>\n<p>\u00c1 n\u00e1tt\u00faruv\u00edsindabraut er l\u00f6g\u00f0 \u00e1hersla \u00e1 gott almennt n\u00e1m me\u00f0 s\u00e9rstaka \u00e1herslu \u00e1 trausta \u00feekkingu \u00e1 svi\u00f0i n\u00e1tt\u00farufr\u00e6\u00f0i, raunv\u00edsinda og st\u00e6r\u00f0fr\u00e6\u00f0i. A\u00f0 loknu n\u00e1mi eiga nemendur a\u00f0 hafa g\u00f3\u00f0a undirst\u00f6\u00f0u\u00feekkingu \u00e1 \u00e1\u00f0urnefndum svi\u00f0um og vera f\u00e6rir um a\u00f0 n\u00fdta s\u00e9r hana vi\u00f0 margv\u00edsleg verkefni og til frekara n\u00e1ms, einkum \u00ed n\u00e1tt\u00faru- og raunv\u00edsindum.<\/p>\n<p><strong>H\u00e6fnivi\u00f0mi\u00f0:<\/strong><\/p>\n<p>A\u00f0 loknu n\u00e1mi skal nemandi hafa h\u00e6fni til a\u00f0 &#8230;<\/p>\n<ul>\n<li class=\"outer-list-item\">a\u00f0 gera s\u00e9r grein fyrir samf\u00e9lagslegri \u00e1byrg\u00f0 sinni<\/li>\n<li class=\"outer-list-item\">a\u00f0 takast \u00e1 vi\u00f0 frekara n\u00e1m \u00e1 svi\u00f0i raunv\u00edsinda og st\u00e6r\u00f0fr\u00e6\u00f0i<\/li>\n<li class=\"outer-list-item\">a\u00f0 n\u00e1lgast verkefni \u00e1 faglegan og sj\u00e1lfst\u00e6\u00f0an h\u00e1tt<\/li>\n<li class=\"outer-list-item\">a\u00f0 beita skapandi hugsun vi\u00f0 lausnami\u00f0a\u00f0 n\u00e1m<\/li>\n<li class=\"outer-list-item\">a\u00f0 taka \u00fe\u00e1tt \u00ed l\u00fd\u00f0r\u00e6\u00f0islegri umr\u00e6\u00f0u og samstarfi<\/li>\n<li class=\"outer-list-item\">a\u00f0 leita raka fyrir sko\u00f0unum s\u00ednum og setja \u00fe\u00e6r fram \u00e1 sk\u00fdran og a\u00f0gengilegan h\u00e1tt<\/li>\n<li class=\"outer-list-item\">a\u00f0 beita v\u00edsindalegri hugsun og a\u00f0fer\u00f0um vi\u00f0 greiningu vi\u00f0fangsefna, \u00f6flun uppl\u00fdsinga og \u00farvinnslu og t\u00falkun \u00feeirra.<\/li>\n<li class=\"outer-list-item\">a\u00f0 geta n\u00fdtt s\u00e9r kunn\u00e1ttu s\u00edna \u00ed n\u00e1tt\u00faru \u2013 og raunv\u00edsindum \u00ed m\u00f6gulegri framt\u00ed\u00f0ar\u00fer\u00f3un<\/li>\n<li class=\"outer-list-item\">a\u00f0 nj\u00f3ta, n\u00fdta og vir\u00f0a umhverfi sitt \u00e1 skynsamlegan h\u00e1tt<\/li>\n<li class=\"outer-list-item\">a\u00f0 tengja n\u00e1mi\u00f0 \u00e1 brautinni n\u00e6rumhverfi s\u00ednu, hvort heldur er sk\u00f3la e\u00f0a heimabygg\u00f0<\/li>\n<\/ul>\n<p><strong><em>Lestu meira um n\u00e1tt\u00faruv\u00edsindabraut&nbsp;<\/em><\/strong><\/p>\n<p><strong><a href=\"https:\/\/namskra.is\/programmes\/27116638-44fe-4c9f-bbad-292a359dd8aa\">N\u00e1msbrautarl\u00fdsing n\u00e1tt\u00faruv\u00edsindabrautar<\/a><\/strong><\/p>\n<p><strong><i>Sko\u00f0a\u00f0u myndbandi\u00f0&nbsp;<\/i><\/strong><\/p>\n<p><iframe loading=\"lazy\" title=\"Framhaldssk\u00f3linn \u00e1 Laugum\" width=\"800\" height=\"450\" src=\"https:\/\/www.youtube.com\/embed\/cc8bxBbTSnw?feature=oembed\" frameborder=\"0\" allow=\"accelerometer; autoplay; clipboard-write; encrypted-media; gyroscope; picture-in-picture; web-share\" referrerpolicy=\"strict-origin-when-cross-origin\" allowfullscreen><\/iframe><\/p>\n<p>&nbsp;<\/p>\n","protected":false},"excerpt":{"rendered":"<p>&nbsp; \u00c1hersla \u00e1 trausta \u00feekkingu \u00e1 svi\u00f0i n\u00e1tt\u00farufr\u00e6\u00f0i, raunv\u00edsinda og st\u00e6r\u00f0fr\u00e6\u00f0i \u00c1 n\u00e1tt\u00faruv\u00edsindabraut er l\u00f6g\u00f0 \u00e1hersla \u00e1 gott almennt n\u00e1m me\u00f0 s\u00e9rstaka \u00e1herslu \u00e1 trausta \u00feekkingu \u00e1 svi\u00f0i n\u00e1tt\u00farufr\u00e6\u00f0i, raunv\u00edsinda og st\u00e6r\u00f0fr\u00e6\u00f0i. A\u00f0 loknu n\u00e1mi eiga nemendur a\u00f0 hafa g\u00f3\u00f0a undirst\u00f6\u00f0u\u00feekkingu \u00e1 \u00e1\u00f0urnefndum svi\u00f0um og vera f\u00e6rir um a\u00f0 n\u00fdta s\u00e9r hana vi\u00f0 margv\u00edsleg verkefni og til frekara n\u00e1ms, einkum \u00ed n\u00e1tt\u00faru- og raunv\u00edsindum. H\u00e6fnivi\u00f0mi\u00f0: A\u00f0 loknu n\u00e1mi skal nemandi <a class=\"more-link\" href=\"https:\/\/laugar.is\/?page_id=120\">&#8230;Lestu \u00e1fram<\/a><\/p>\n","protected":false},"author":1,"featured_media":0,"parent":6,"menu_order":6,"comment_status":"closed","ping_status":"closed","template":"","meta":{"_acf_changed":false,"_lmt_disableupdate":"no","_lmt_disable":"no","ngg_post_thumbnail":0,"footnotes":""},"class_list":["post-120","page","type-page","status-publish","hentry"],"acf":[],"yoast_head":"<!-- This site is optimized with the Yoast SEO plugin v27.4 - https:\/\/yoast.com\/product\/yoast-seo-wordpress\/ -->\n<title>N\u00e1tt\u00faruv\u00edsindabraut - FRAMHALDSSK\u00d3LINN \u00c1 LAUGUM<\/title>\n<meta name=\"description\" content=\"N\u00e1tt\u00faruv\u00edsindabraut - Framhaldssk\u00f3linn \u00e1 Laugum laugar.is \u00c1 n\u00e1tt\u00faruv\u00edsindabraut er l\u00f6g\u00f0 \u00e1hersla \u00e1 gott almennt n\u00e1m me\u00f0 s\u00e9rstaka \u00e1herslu \u00e1 trausta \u00feekkingu \u00e1 svi\u00f0i n\u00e1tt\u00farufr\u00e6\u00f0i, raunv\u00edsinda og st\u00e6r\u00f0fr\u00e6\u00f0i.\" \/>\n<meta name=\"robots\" content=\"index, follow, max-snippet:-1, max-image-preview:large, max-video-preview:-1\" \/>\n<link rel=\"canonical\" href=\"https:\/\/laugar.is\/?page_id=120\" \/>\n<meta property=\"og:locale\" content=\"is_IS\" \/>\n<meta property=\"og:type\" content=\"article\" \/>\n<meta property=\"og:title\" content=\"N\u00e1tt\u00faruv\u00edsindabraut - FRAMHALDSSK\u00d3LINN \u00c1 LAUGUM\" \/>\n<meta property=\"og:description\" content=\"N\u00e1tt\u00faruv\u00edsindabraut - Framhaldssk\u00f3linn \u00e1 Laugum laugar.is \u00c1 n\u00e1tt\u00faruv\u00edsindabraut er l\u00f6g\u00f0 \u00e1hersla \u00e1 gott almennt n\u00e1m me\u00f0 s\u00e9rstaka \u00e1herslu \u00e1 trausta \u00feekkingu \u00e1 svi\u00f0i n\u00e1tt\u00farufr\u00e6\u00f0i, raunv\u00edsinda og st\u00e6r\u00f0fr\u00e6\u00f0i.\" \/>\n<meta property=\"og:url\" content=\"https:\/\/laugar.is\/?page_id=120\" \/>\n<meta property=\"og:site_name\" content=\"FRAMHALDSSK\u00d3LINN \u00c1 LAUGUM\" \/>\n<meta property=\"article:publisher\" content=\"https:\/\/www.facebook.com\/laugaskoli\/\" \/>\n<meta property=\"article:modified_time\" content=\"2025-05-01T09:41:08+00:00\" \/>\n<meta property=\"og:image\" content=\"https:\/\/laugar.is\/wp-content\/uploads\/2024\/04\/cropped-laugar_merki_high.jpg\" \/>\n\t<meta property=\"og:image:width\" content=\"512\" \/>\n\t<meta property=\"og:image:height\" content=\"512\" \/>\n\t<meta property=\"og:image:type\" content=\"image\/jpeg\" \/>\n<meta name=\"twitter:card\" content=\"summary_large_image\" \/>\n<meta name=\"twitter:label1\" content=\"Est. reading time\" \/>\n\t<meta name=\"twitter:data1\" content=\"2 minutes\" \/>\n<script type=\"application\/ld+json\" class=\"yoast-schema-graph\">{\"@context\":\"https:\\\/\\\/schema.org\",\"@graph\":[{\"@type\":\"WebPage\",\"@id\":\"https:\\\/\\\/laugar.is\\\/?page_id=120\",\"url\":\"https:\\\/\\\/laugar.is\\\/?page_id=120\",\"name\":\"N\u00e1tt\u00faruv\u00edsindabraut - FRAMHALDSSK\u00d3LINN \u00c1 LAUGUM\",\"isPartOf\":{\"@id\":\"https:\\\/\\\/laugar.is\\\/#website\"},\"primaryImageOfPage\":{\"@id\":\"https:\\\/\\\/laugar.is\\\/?page_id=120#primaryimage\"},\"image\":{\"@id\":\"https:\\\/\\\/laugar.is\\\/?page_id=120#primaryimage\"},\"thumbnailUrl\":\"https:\\\/\\\/laugar.is\\\/wp-content\\\/uploads\\\/2024\\\/04\\\/cropped-laugar_merki_high-300x300.jpg\",\"datePublished\":\"2016-04-06T12:13:43+00:00\",\"dateModified\":\"2025-05-01T09:41:08+00:00\",\"description\":\"N\u00e1tt\u00faruv\u00edsindabraut - Framhaldssk\u00f3linn \u00e1 Laugum laugar.is \u00c1 n\u00e1tt\u00faruv\u00edsindabraut er l\u00f6g\u00f0 \u00e1hersla \u00e1 gott almennt n\u00e1m me\u00f0 s\u00e9rstaka \u00e1herslu \u00e1 trausta \u00feekkingu \u00e1 svi\u00f0i n\u00e1tt\u00farufr\u00e6\u00f0i, raunv\u00edsinda og st\u00e6r\u00f0fr\u00e6\u00f0i.\",\"breadcrumb\":{\"@id\":\"https:\\\/\\\/laugar.is\\\/?page_id=120#breadcrumb\"},\"inLanguage\":\"is\",\"potentialAction\":[{\"@type\":\"ReadAction\",\"target\":[\"https:\\\/\\\/laugar.is\\\/?page_id=120\"]}]},{\"@type\":\"ImageObject\",\"inLanguage\":\"is\",\"@id\":\"https:\\\/\\\/laugar.is\\\/?page_id=120#primaryimage\",\"url\":\"https:\\\/\\\/laugar.is\\\/wp-content\\\/uploads\\\/2024\\\/04\\\/cropped-laugar_merki_high.jpg\",\"contentUrl\":\"https:\\\/\\\/laugar.is\\\/wp-content\\\/uploads\\\/2024\\\/04\\\/cropped-laugar_merki_high.jpg\",\"width\":512,\"height\":512},{\"@type\":\"BreadcrumbList\",\"@id\":\"https:\\\/\\\/laugar.is\\\/?page_id=120#breadcrumb\",\"itemListElement\":[{\"@type\":\"ListItem\",\"position\":1,\"name\":\"Home\",\"item\":\"https:\\\/\\\/laugar.is\\\/\"},{\"@type\":\"ListItem\",\"position\":2,\"name\":\"N\u00c1MI\u00d0\",\"item\":\"https:\\\/\\\/laugar.is\\\/?page_id=6\"},{\"@type\":\"ListItem\",\"position\":3,\"name\":\"N\u00e1tt\u00faruv\u00edsindabraut\"}]},{\"@type\":\"WebSite\",\"@id\":\"https:\\\/\\\/laugar.is\\\/#website\",\"url\":\"https:\\\/\\\/laugar.is\\\/\",\"name\":\"FRAMHALDSSK\u00d3LINN \u00c1 LAUGUM\",\"description\":\"Metna\u00f0ur - Tr\u00famennska  - Tillitssemi - Gla\u00f0lyndi\",\"publisher\":{\"@id\":\"https:\\\/\\\/laugar.is\\\/#organization\"},\"potentialAction\":[{\"@type\":\"SearchAction\",\"target\":{\"@type\":\"EntryPoint\",\"urlTemplate\":\"https:\\\/\\\/laugar.is\\\/?s={search_term_string}\"},\"query-input\":{\"@type\":\"PropertyValueSpecification\",\"valueRequired\":true,\"valueName\":\"search_term_string\"}}],\"inLanguage\":\"is\"},{\"@type\":\"Organization\",\"@id\":\"https:\\\/\\\/laugar.is\\\/#organization\",\"name\":\"Framhaldssk\u00f3linn \u00e1 Laugum\",\"url\":\"https:\\\/\\\/laugar.is\\\/\",\"logo\":{\"@type\":\"ImageObject\",\"inLanguage\":\"is\",\"@id\":\"https:\\\/\\\/laugar.is\\\/#\\\/schema\\\/logo\\\/image\\\/\",\"url\":\"https:\\\/\\\/laugar.is\\\/wp-content\\\/uploads\\\/2017\\\/01\\\/laugar_merki_antexta-kip.jpg\",\"contentUrl\":\"https:\\\/\\\/laugar.is\\\/wp-content\\\/uploads\\\/2017\\\/01\\\/laugar_merki_antexta-kip.jpg\",\"width\":536,\"height\":551,\"caption\":\"Framhaldssk\u00f3linn \u00e1 Laugum\"},\"image\":{\"@id\":\"https:\\\/\\\/laugar.is\\\/#\\\/schema\\\/logo\\\/image\\\/\"},\"sameAs\":[\"https:\\\/\\\/www.facebook.com\\\/laugaskoli\\\/\"]}]}<\/script>\n<!-- \/ Yoast SEO plugin. -->","yoast_head_json":{"title":"N\u00e1tt\u00faruv\u00edsindabraut - FRAMHALDSSK\u00d3LINN \u00c1 LAUGUM","description":"N\u00e1tt\u00faruv\u00edsindabraut - Framhaldssk\u00f3linn \u00e1 Laugum laugar.is \u00c1 n\u00e1tt\u00faruv\u00edsindabraut er l\u00f6g\u00f0 \u00e1hersla \u00e1 gott almennt n\u00e1m me\u00f0 s\u00e9rstaka \u00e1herslu \u00e1 trausta \u00feekkingu \u00e1 svi\u00f0i n\u00e1tt\u00farufr\u00e6\u00f0i, raunv\u00edsinda og st\u00e6r\u00f0fr\u00e6\u00f0i.","robots":{"index":"index","follow":"follow","max-snippet":"max-snippet:-1","max-image-preview":"max-image-preview:large","max-video-preview":"max-video-preview:-1"},"canonical":"https:\/\/laugar.is\/?page_id=120","og_locale":"is_IS","og_type":"article","og_title":"N\u00e1tt\u00faruv\u00edsindabraut - FRAMHALDSSK\u00d3LINN \u00c1 LAUGUM","og_description":"N\u00e1tt\u00faruv\u00edsindabraut - Framhaldssk\u00f3linn \u00e1 Laugum laugar.is \u00c1 n\u00e1tt\u00faruv\u00edsindabraut er l\u00f6g\u00f0 \u00e1hersla \u00e1 gott almennt n\u00e1m me\u00f0 s\u00e9rstaka \u00e1herslu \u00e1 trausta \u00feekkingu \u00e1 svi\u00f0i n\u00e1tt\u00farufr\u00e6\u00f0i, raunv\u00edsinda og st\u00e6r\u00f0fr\u00e6\u00f0i.","og_url":"https:\/\/laugar.is\/?page_id=120","og_site_name":"FRAMHALDSSK\u00d3LINN \u00c1 LAUGUM","article_publisher":"https:\/\/www.facebook.com\/laugaskoli\/","article_modified_time":"2025-05-01T09:41:08+00:00","og_image":[{"width":512,"height":512,"url":"https:\/\/laugar.is\/wp-content\/uploads\/2024\/04\/cropped-laugar_merki_high.jpg","type":"image\/jpeg"}],"twitter_card":"summary_large_image","twitter_misc":{"Est. reading time":"2 minutes"},"schema":{"@context":"https:\/\/schema.org","@graph":[{"@type":"WebPage","@id":"https:\/\/laugar.is\/?page_id=120","url":"https:\/\/laugar.is\/?page_id=120","name":"N\u00e1tt\u00faruv\u00edsindabraut - FRAMHALDSSK\u00d3LINN \u00c1 LAUGUM","isPartOf":{"@id":"https:\/\/laugar.is\/#website"},"primaryImageOfPage":{"@id":"https:\/\/laugar.is\/?page_id=120#primaryimage"},"image":{"@id":"https:\/\/laugar.is\/?page_id=120#primaryimage"},"thumbnailUrl":"https:\/\/laugar.is\/wp-content\/uploads\/2024\/04\/cropped-laugar_merki_high-300x300.jpg","datePublished":"2016-04-06T12:13:43+00:00","dateModified":"2025-05-01T09:41:08+00:00","description":"N\u00e1tt\u00faruv\u00edsindabraut - Framhaldssk\u00f3linn \u00e1 Laugum laugar.is \u00c1 n\u00e1tt\u00faruv\u00edsindabraut er l\u00f6g\u00f0 \u00e1hersla \u00e1 gott almennt n\u00e1m me\u00f0 s\u00e9rstaka \u00e1herslu \u00e1 trausta \u00feekkingu \u00e1 svi\u00f0i n\u00e1tt\u00farufr\u00e6\u00f0i, raunv\u00edsinda og st\u00e6r\u00f0fr\u00e6\u00f0i.","breadcrumb":{"@id":"https:\/\/laugar.is\/?page_id=120#breadcrumb"},"inLanguage":"is","potentialAction":[{"@type":"ReadAction","target":["https:\/\/laugar.is\/?page_id=120"]}]},{"@type":"ImageObject","inLanguage":"is","@id":"https:\/\/laugar.is\/?page_id=120#primaryimage","url":"https:\/\/laugar.is\/wp-content\/uploads\/2024\/04\/cropped-laugar_merki_high.jpg","contentUrl":"https:\/\/laugar.is\/wp-content\/uploads\/2024\/04\/cropped-laugar_merki_high.jpg","width":512,"height":512},{"@type":"BreadcrumbList","@id":"https:\/\/laugar.is\/?page_id=120#breadcrumb","itemListElement":[{"@type":"ListItem","position":1,"name":"Home","item":"https:\/\/laugar.is\/"},{"@type":"ListItem","position":2,"name":"N\u00c1MI\u00d0","item":"https:\/\/laugar.is\/?page_id=6"},{"@type":"ListItem","position":3,"name":"N\u00e1tt\u00faruv\u00edsindabraut"}]},{"@type":"WebSite","@id":"https:\/\/laugar.is\/#website","url":"https:\/\/laugar.is\/","name":"FRAMHALDSSK\u00d3LINN \u00c1 LAUGUM","description":"Metna\u00f0ur - Tr\u00famennska  - Tillitssemi - Gla\u00f0lyndi","publisher":{"@id":"https:\/\/laugar.is\/#organization"},"potentialAction":[{"@type":"SearchAction","target":{"@type":"EntryPoint","urlTemplate":"https:\/\/laugar.is\/?s={search_term_string}"},"query-input":{"@type":"PropertyValueSpecification","valueRequired":true,"valueName":"search_term_string"}}],"inLanguage":"is"},{"@type":"Organization","@id":"https:\/\/laugar.is\/#organization","name":"Framhaldssk\u00f3linn \u00e1 Laugum","url":"https:\/\/laugar.is\/","logo":{"@type":"ImageObject","inLanguage":"is","@id":"https:\/\/laugar.is\/#\/schema\/logo\/image\/","url":"https:\/\/laugar.is\/wp-content\/uploads\/2017\/01\/laugar_merki_antexta-kip.jpg","contentUrl":"https:\/\/laugar.is\/wp-content\/uploads\/2017\/01\/laugar_merki_antexta-kip.jpg","width":536,"height":551,"caption":"Framhaldssk\u00f3linn \u00e1 Laugum"},"image":{"@id":"https:\/\/laugar.is\/#\/schema\/logo\/image\/"},"sameAs":["https:\/\/www.facebook.com\/laugaskoli\/"]}]}},"_links":{"self":[{"href":"https:\/\/laugar.is\/index.php?rest_route=\/wp\/v2\/pages\/120","targetHints":{"allow":["GET"]}}],"collection":[{"href":"https:\/\/laugar.is\/index.php?rest_route=\/wp\/v2\/pages"}],"about":[{"href":"https:\/\/laugar.is\/index.php?rest_route=\/wp\/v2\/types\/page"}],"author":[{"embeddable":true,"href":"https:\/\/laugar.is\/index.php?rest_route=\/wp\/v2\/users\/1"}],"replies":[{"embeddable":true,"href":"https:\/\/laugar.is\/index.php?rest_route=%2Fwp%2Fv2%2Fcomments&post=120"}],"version-history":[{"count":11,"href":"https:\/\/laugar.is\/index.php?rest_route=\/wp\/v2\/pages\/120\/revisions"}],"predecessor-version":[{"id":6452,"href":"https:\/\/laugar.is\/index.php?rest_route=\/wp\/v2\/pages\/120\/revisions\/6452"}],"up":[{"embeddable":true,"href":"https:\/\/laugar.is\/index.php?rest_route=\/wp\/v2\/pages\/6"}],"wp:attachment":[{"href":"https:\/\/laugar.is\/index.php?rest_route=%2Fwp%2Fv2%2Fmedia&parent=120"}],"curies":[{"name":"wp","href":"https:\/\/api.w.org\/{rel}","templated":true}]}}