{"id":115,"date":"2016-04-06T11:58:55","date_gmt":"2016-04-06T11:58:55","guid":{"rendered":"http:\/\/laugar.is\/?page_id=115"},"modified":"2025-05-01T09:42:21","modified_gmt":"2025-05-01T09:42:21","slug":"felagsvisindabraut","status":"publish","type":"page","link":"https:\/\/laugar.is\/?page_id=115","title":{"rendered":"F\u00e9lagsv\u00edsindabraut"},"content":{"rendered":"<h5><img loading=\"lazy\" decoding=\"async\" class=\"alignnone wp-image-6170\" src=\"https:\/\/laugar.is\/wp-content\/uploads\/2024\/04\/cropped-laugar_merki_high-300x300.jpg\" alt=\"\" width=\"152\" height=\"152\" srcset=\"https:\/\/laugar.is\/wp-content\/uploads\/2024\/04\/cropped-laugar_merki_high-300x300.jpg 300w, https:\/\/laugar.is\/wp-content\/uploads\/2024\/04\/cropped-laugar_merki_high-150x150.jpg 150w, https:\/\/laugar.is\/wp-content\/uploads\/2024\/04\/cropped-laugar_merki_high-270x270.jpg 270w, https:\/\/laugar.is\/wp-content\/uploads\/2024\/04\/cropped-laugar_merki_high-192x192.jpg 192w, https:\/\/laugar.is\/wp-content\/uploads\/2024\/04\/cropped-laugar_merki_high-180x180.jpg 180w, https:\/\/laugar.is\/wp-content\/uploads\/2024\/04\/cropped-laugar_merki_high-32x32.jpg 32w, https:\/\/laugar.is\/wp-content\/uploads\/2024\/04\/cropped-laugar_merki_high.jpg 512w\" sizes=\"auto, (max-width: 152px) 100vw, 152px\" \/><\/h5>\n<p>&nbsp;<\/p>\n<h5><strong>\u00c1hersla \u00e1 g\u00f3\u00f0a \u00feekkingu \u00e1 svi\u00f0i f\u00e9lags- og hugv\u00edsinda<\/strong><\/h5>\n<p>\u00c1 f\u00e9lagsv\u00edsindabraut er l\u00f6g\u00f0 \u00e1hersla \u00e1 gott almennt n\u00e1m me\u00f0 s\u00e9rstaka \u00e1herslu \u00e1 g\u00f3\u00f0a \u00feekkingu \u00e1 svi\u00f0i f\u00e9lags- og hugv\u00edsinda. A\u00f0 loknu n\u00e1mi eiga nemendur a\u00f0 hafa g\u00f3\u00f0a undirst\u00f6\u00f0u\u00feekkingu \u00e1 \u00e1\u00f0urnefndum svi\u00f0um og vera f\u00e6rir um a\u00f0 n\u00fdta s\u00e9r hana vi\u00f0 margv\u00edsleg verkefni og til frekara n\u00e1ms, einkum \u00ed f\u00e9lags- og hugv\u00edsndum.<\/p>\n<table cellpadding=\"8\">\n<tbody>\n<tr>\n<td class=\"programme-headers\"><strong>H\u00e6fnivi\u00f0mi\u00f0:<\/strong><\/td>\n<\/tr>\n<\/tbody>\n<\/table>\n<table style=\"width: 100%;\" cellpadding=\"8\">\n<tbody>\n<tr>\n<td class=\"programme-headers\" style=\"width: 0.506842%;\">&nbsp;<\/td>\n<td style=\"width: 99.1384%;\">A\u00f0 loknu n\u00e1mi skal nemandi hafa h\u00e6fni til a\u00f0 &#8230;<\/p>\n<ul>\n<li class=\"outer-list-item\">a\u00f0 gera s\u00e9r grein fyrir samf\u00e9lagslegri \u00e1byrg\u00f0 sinni og n\u00fdta styrkleika s\u00edna<\/li>\n<li class=\"outer-list-item\">a\u00f0 takast \u00e1 vi\u00f0 frekara n\u00e1m \u00e1 svi\u00f0i f\u00e9lags- og hugv\u00edsinda og geta n\u00fdtt s\u00e9r \u00fe\u00e1 kunn\u00e1ttu<\/li>\n<li class=\"outer-list-item\">a\u00f0 n\u00e1lgast verkefni \u00e1 faglegan og sj\u00e1lfst\u00e6\u00f0an h\u00e1tt<\/li>\n<li class=\"outer-list-item\">a\u00f0 beita skapandi hugsun vi\u00f0 lausnami\u00f0a\u00f0 n\u00e1m<\/li>\n<li class=\"outer-list-item\">a\u00f0 taka \u00fe\u00e1tt \u00ed l\u00fd\u00f0r\u00e6\u00f0islegri umr\u00e6\u00f0u og samstarfi<\/li>\n<li class=\"outer-list-item\">a\u00f0 leita raka fyrir sko\u00f0unum s\u00ednum og setja \u00fe\u00e6r fram \u00e1 sk\u00fdran og a\u00f0gengilegan h\u00e1tt<\/li>\n<li class=\"outer-list-item\">a\u00f0 beita v\u00edsindalegri hugsun og a\u00f0fer\u00f0um vi\u00f0 greiningu vi\u00f0fangsefna, \u00f6flun uppl\u00fdsinga og \u00farvinnslu og t\u00falkun \u00feeirra<\/li>\n<li class=\"outer-list-item\">a\u00f0 nj\u00f3ta, n\u00fdta og vir\u00f0a f\u00e9lagslegt umhverfi sitt \u00e1 skynsamlegan h\u00e1tt<\/li>\n<li class=\"outer-list-item\">a\u00f0 greina einkenni og \u00fer\u00f3un samf\u00e9laga og gera s\u00e9r grein fyrir m\u00f3tunar\u00f6flum einstaklinga og h\u00f3pa<\/li>\n<li class=\"outer-list-item\">a\u00f0 \u00e1tta \u00e1tta sig \u00e1 meginstraumum menningar, tr\u00faar, uppeldis, stj\u00f3rnm\u00e1la og hag\u00fer\u00f3unar \u00ed fort\u00ed\u00f0 og n\u00fat\u00ed\u00f0<\/li>\n<li class=\"outer-list-item\">a\u00f0 tengja n\u00e1mi\u00f0 \u00e1 brautinni n\u00e6rumhverfi s\u00ednu, hvort heldur er sk\u00f3lans e\u00f0a \u00ed heimabygg\u00f0<\/li>\n<\/ul>\n<\/td>\n<\/tr>\n<\/tbody>\n<\/table>\n<p><em><strong>Lestu meira um f\u00e9lagsv\u00edsindabraut&nbsp;<\/strong><\/em><\/p>\n<h4><strong><a href=\"https:\/\/namskra.is\/programmes\/1a2b9ba6-9bc6-4881-8926-f1cc121256af\">N\u00e1msbrautarl\u00fdsing f\u00e9lagsv\u00edsindabrautar<\/a><\/strong><\/h4>\n<p>&nbsp;<\/p>\n<p><iframe loading=\"lazy\" title=\"Framhaldssk\u00f3linn \u00e1 Laugum\" width=\"800\" height=\"450\" src=\"https:\/\/www.youtube.com\/embed\/cc8bxBbTSnw?feature=oembed\" frameborder=\"0\" allow=\"accelerometer; autoplay; clipboard-write; encrypted-media; gyroscope; picture-in-picture; web-share\" referrerpolicy=\"strict-origin-when-cross-origin\" allowfullscreen><\/iframe><\/p>\n<p>&nbsp;<\/p>\n","protected":false},"excerpt":{"rendered":"<p>&nbsp; \u00c1hersla \u00e1 g\u00f3\u00f0a \u00feekkingu \u00e1 svi\u00f0i f\u00e9lags- og hugv\u00edsinda \u00c1 f\u00e9lagsv\u00edsindabraut er l\u00f6g\u00f0 \u00e1hersla \u00e1 gott almennt n\u00e1m me\u00f0 s\u00e9rstaka \u00e1herslu \u00e1 g\u00f3\u00f0a \u00feekkingu \u00e1 svi\u00f0i f\u00e9lags- og hugv\u00edsinda. A\u00f0 loknu n\u00e1mi eiga nemendur a\u00f0 hafa g\u00f3\u00f0a undirst\u00f6\u00f0u\u00feekkingu \u00e1 \u00e1\u00f0urnefndum svi\u00f0um og vera f\u00e6rir um a\u00f0 n\u00fdta s\u00e9r hana vi\u00f0 margv\u00edsleg verkefni og til frekara n\u00e1ms, einkum \u00ed f\u00e9lags- og hugv\u00edsndum. H\u00e6fnivi\u00f0mi\u00f0: &nbsp; A\u00f0 loknu n\u00e1mi skal nemandi hafa <a class=\"more-link\" href=\"https:\/\/laugar.is\/?page_id=115\">&#8230;Lestu \u00e1fram<\/a><\/p>\n","protected":false},"author":1,"featured_media":0,"parent":6,"menu_order":2,"comment_status":"closed","ping_status":"closed","template":"","meta":{"_acf_changed":false,"_lmt_disableupdate":"no","_lmt_disable":"no","ngg_post_thumbnail":0,"footnotes":""},"class_list":["post-115","page","type-page","status-publish","hentry"],"acf":[],"yoast_head":"<!-- This site is optimized with the Yoast SEO plugin v27.5 - https:\/\/yoast.com\/product\/yoast-seo-wordpress\/ -->\n<title>F\u00e9lagsv\u00edsindabraut - FRAMHALDSSK\u00d3LINN \u00c1 LAUGUM<\/title>\n<meta name=\"description\" content=\"F\u00e9lagsv\u00edsindabraut F\u00e9lagsv\u00edsindabraut Framhaldssk\u00f3li Heimavistarsk\u00f3li\" \/>\n<meta name=\"robots\" content=\"index, follow, max-snippet:-1, max-image-preview:large, max-video-preview:-1\" \/>\n<link rel=\"canonical\" href=\"https:\/\/laugar.is\/?page_id=115\" \/>\n<meta property=\"og:locale\" content=\"is_IS\" \/>\n<meta property=\"og:type\" content=\"article\" \/>\n<meta property=\"og:title\" content=\"F\u00e9lagsv\u00edsindabraut - FRAMHALDSSK\u00d3LINN \u00c1 LAUGUM\" \/>\n<meta property=\"og:description\" content=\"F\u00e9lagsv\u00edsindabraut F\u00e9lagsv\u00edsindabraut Framhaldssk\u00f3li Heimavistarsk\u00f3li\" \/>\n<meta property=\"og:url\" content=\"https:\/\/laugar.is\/?page_id=115\" \/>\n<meta property=\"og:site_name\" content=\"FRAMHALDSSK\u00d3LINN \u00c1 LAUGUM\" \/>\n<meta property=\"article:publisher\" content=\"https:\/\/www.facebook.com\/laugaskoli\/\" \/>\n<meta property=\"article:modified_time\" content=\"2025-05-01T09:42:21+00:00\" \/>\n<meta property=\"og:image\" content=\"https:\/\/laugar.is\/wp-content\/uploads\/2024\/04\/cropped-laugar_merki_high.jpg\" \/>\n\t<meta property=\"og:image:width\" content=\"512\" \/>\n\t<meta property=\"og:image:height\" content=\"512\" \/>\n\t<meta property=\"og:image:type\" content=\"image\/jpeg\" \/>\n<meta name=\"twitter:card\" content=\"summary_large_image\" \/>\n<meta name=\"twitter:label1\" content=\"Est. reading time\" \/>\n\t<meta name=\"twitter:data1\" content=\"2 minutes\" \/>\n<script type=\"application\/ld+json\" class=\"yoast-schema-graph\">{\"@context\":\"https:\\\/\\\/schema.org\",\"@graph\":[{\"@type\":\"WebPage\",\"@id\":\"https:\\\/\\\/laugar.is\\\/?page_id=115\",\"url\":\"https:\\\/\\\/laugar.is\\\/?page_id=115\",\"name\":\"F\u00e9lagsv\u00edsindabraut - FRAMHALDSSK\u00d3LINN \u00c1 LAUGUM\",\"isPartOf\":{\"@id\":\"https:\\\/\\\/laugar.is\\\/#website\"},\"primaryImageOfPage\":{\"@id\":\"https:\\\/\\\/laugar.is\\\/?page_id=115#primaryimage\"},\"image\":{\"@id\":\"https:\\\/\\\/laugar.is\\\/?page_id=115#primaryimage\"},\"thumbnailUrl\":\"https:\\\/\\\/laugar.is\\\/wp-content\\\/uploads\\\/2024\\\/04\\\/cropped-laugar_merki_high-300x300.jpg\",\"datePublished\":\"2016-04-06T11:58:55+00:00\",\"dateModified\":\"2025-05-01T09:42:21+00:00\",\"description\":\"F\u00e9lagsv\u00edsindabraut F\u00e9lagsv\u00edsindabraut Framhaldssk\u00f3li Heimavistarsk\u00f3li\",\"breadcrumb\":{\"@id\":\"https:\\\/\\\/laugar.is\\\/?page_id=115#breadcrumb\"},\"inLanguage\":\"is\",\"potentialAction\":[{\"@type\":\"ReadAction\",\"target\":[\"https:\\\/\\\/laugar.is\\\/?page_id=115\"]}]},{\"@type\":\"ImageObject\",\"inLanguage\":\"is\",\"@id\":\"https:\\\/\\\/laugar.is\\\/?page_id=115#primaryimage\",\"url\":\"https:\\\/\\\/laugar.is\\\/wp-content\\\/uploads\\\/2024\\\/04\\\/cropped-laugar_merki_high.jpg\",\"contentUrl\":\"https:\\\/\\\/laugar.is\\\/wp-content\\\/uploads\\\/2024\\\/04\\\/cropped-laugar_merki_high.jpg\",\"width\":512,\"height\":512},{\"@type\":\"BreadcrumbList\",\"@id\":\"https:\\\/\\\/laugar.is\\\/?page_id=115#breadcrumb\",\"itemListElement\":[{\"@type\":\"ListItem\",\"position\":1,\"name\":\"Home\",\"item\":\"https:\\\/\\\/laugar.is\\\/\"},{\"@type\":\"ListItem\",\"position\":2,\"name\":\"N\u00c1MI\u00d0\",\"item\":\"https:\\\/\\\/laugar.is\\\/?page_id=6\"},{\"@type\":\"ListItem\",\"position\":3,\"name\":\"F\u00e9lagsv\u00edsindabraut\"}]},{\"@type\":\"WebSite\",\"@id\":\"https:\\\/\\\/laugar.is\\\/#website\",\"url\":\"https:\\\/\\\/laugar.is\\\/\",\"name\":\"FRAMHALDSSK\u00d3LINN \u00c1 LAUGUM\",\"description\":\"Metna\u00f0ur - Tr\u00famennska  - Tillitssemi - Gla\u00f0lyndi\",\"publisher\":{\"@id\":\"https:\\\/\\\/laugar.is\\\/#organization\"},\"potentialAction\":[{\"@type\":\"SearchAction\",\"target\":{\"@type\":\"EntryPoint\",\"urlTemplate\":\"https:\\\/\\\/laugar.is\\\/?s={search_term_string}\"},\"query-input\":{\"@type\":\"PropertyValueSpecification\",\"valueRequired\":true,\"valueName\":\"search_term_string\"}}],\"inLanguage\":\"is\"},{\"@type\":\"Organization\",\"@id\":\"https:\\\/\\\/laugar.is\\\/#organization\",\"name\":\"Framhaldssk\u00f3linn \u00e1 Laugum\",\"url\":\"https:\\\/\\\/laugar.is\\\/\",\"logo\":{\"@type\":\"ImageObject\",\"inLanguage\":\"is\",\"@id\":\"https:\\\/\\\/laugar.is\\\/#\\\/schema\\\/logo\\\/image\\\/\",\"url\":\"https:\\\/\\\/laugar.is\\\/wp-content\\\/uploads\\\/2017\\\/01\\\/laugar_merki_antexta-kip.jpg\",\"contentUrl\":\"https:\\\/\\\/laugar.is\\\/wp-content\\\/uploads\\\/2017\\\/01\\\/laugar_merki_antexta-kip.jpg\",\"width\":536,\"height\":551,\"caption\":\"Framhaldssk\u00f3linn \u00e1 Laugum\"},\"image\":{\"@id\":\"https:\\\/\\\/laugar.is\\\/#\\\/schema\\\/logo\\\/image\\\/\"},\"sameAs\":[\"https:\\\/\\\/www.facebook.com\\\/laugaskoli\\\/\"]}]}<\/script>\n<!-- \/ Yoast SEO plugin. -->","yoast_head_json":{"title":"F\u00e9lagsv\u00edsindabraut - FRAMHALDSSK\u00d3LINN \u00c1 LAUGUM","description":"F\u00e9lagsv\u00edsindabraut F\u00e9lagsv\u00edsindabraut Framhaldssk\u00f3li Heimavistarsk\u00f3li","robots":{"index":"index","follow":"follow","max-snippet":"max-snippet:-1","max-image-preview":"max-image-preview:large","max-video-preview":"max-video-preview:-1"},"canonical":"https:\/\/laugar.is\/?page_id=115","og_locale":"is_IS","og_type":"article","og_title":"F\u00e9lagsv\u00edsindabraut - FRAMHALDSSK\u00d3LINN \u00c1 LAUGUM","og_description":"F\u00e9lagsv\u00edsindabraut F\u00e9lagsv\u00edsindabraut Framhaldssk\u00f3li Heimavistarsk\u00f3li","og_url":"https:\/\/laugar.is\/?page_id=115","og_site_name":"FRAMHALDSSK\u00d3LINN \u00c1 LAUGUM","article_publisher":"https:\/\/www.facebook.com\/laugaskoli\/","article_modified_time":"2025-05-01T09:42:21+00:00","og_image":[{"width":512,"height":512,"url":"https:\/\/laugar.is\/wp-content\/uploads\/2024\/04\/cropped-laugar_merki_high.jpg","type":"image\/jpeg"}],"twitter_card":"summary_large_image","twitter_misc":{"Est. reading time":"2 minutes"},"schema":{"@context":"https:\/\/schema.org","@graph":[{"@type":"WebPage","@id":"https:\/\/laugar.is\/?page_id=115","url":"https:\/\/laugar.is\/?page_id=115","name":"F\u00e9lagsv\u00edsindabraut - FRAMHALDSSK\u00d3LINN \u00c1 LAUGUM","isPartOf":{"@id":"https:\/\/laugar.is\/#website"},"primaryImageOfPage":{"@id":"https:\/\/laugar.is\/?page_id=115#primaryimage"},"image":{"@id":"https:\/\/laugar.is\/?page_id=115#primaryimage"},"thumbnailUrl":"https:\/\/laugar.is\/wp-content\/uploads\/2024\/04\/cropped-laugar_merki_high-300x300.jpg","datePublished":"2016-04-06T11:58:55+00:00","dateModified":"2025-05-01T09:42:21+00:00","description":"F\u00e9lagsv\u00edsindabraut F\u00e9lagsv\u00edsindabraut Framhaldssk\u00f3li Heimavistarsk\u00f3li","breadcrumb":{"@id":"https:\/\/laugar.is\/?page_id=115#breadcrumb"},"inLanguage":"is","potentialAction":[{"@type":"ReadAction","target":["https:\/\/laugar.is\/?page_id=115"]}]},{"@type":"ImageObject","inLanguage":"is","@id":"https:\/\/laugar.is\/?page_id=115#primaryimage","url":"https:\/\/laugar.is\/wp-content\/uploads\/2024\/04\/cropped-laugar_merki_high.jpg","contentUrl":"https:\/\/laugar.is\/wp-content\/uploads\/2024\/04\/cropped-laugar_merki_high.jpg","width":512,"height":512},{"@type":"BreadcrumbList","@id":"https:\/\/laugar.is\/?page_id=115#breadcrumb","itemListElement":[{"@type":"ListItem","position":1,"name":"Home","item":"https:\/\/laugar.is\/"},{"@type":"ListItem","position":2,"name":"N\u00c1MI\u00d0","item":"https:\/\/laugar.is\/?page_id=6"},{"@type":"ListItem","position":3,"name":"F\u00e9lagsv\u00edsindabraut"}]},{"@type":"WebSite","@id":"https:\/\/laugar.is\/#website","url":"https:\/\/laugar.is\/","name":"FRAMHALDSSK\u00d3LINN \u00c1 LAUGUM","description":"Metna\u00f0ur - Tr\u00famennska  - Tillitssemi - Gla\u00f0lyndi","publisher":{"@id":"https:\/\/laugar.is\/#organization"},"potentialAction":[{"@type":"SearchAction","target":{"@type":"EntryPoint","urlTemplate":"https:\/\/laugar.is\/?s={search_term_string}"},"query-input":{"@type":"PropertyValueSpecification","valueRequired":true,"valueName":"search_term_string"}}],"inLanguage":"is"},{"@type":"Organization","@id":"https:\/\/laugar.is\/#organization","name":"Framhaldssk\u00f3linn \u00e1 Laugum","url":"https:\/\/laugar.is\/","logo":{"@type":"ImageObject","inLanguage":"is","@id":"https:\/\/laugar.is\/#\/schema\/logo\/image\/","url":"https:\/\/laugar.is\/wp-content\/uploads\/2017\/01\/laugar_merki_antexta-kip.jpg","contentUrl":"https:\/\/laugar.is\/wp-content\/uploads\/2017\/01\/laugar_merki_antexta-kip.jpg","width":536,"height":551,"caption":"Framhaldssk\u00f3linn \u00e1 Laugum"},"image":{"@id":"https:\/\/laugar.is\/#\/schema\/logo\/image\/"},"sameAs":["https:\/\/www.facebook.com\/laugaskoli\/"]}]}},"_links":{"self":[{"href":"https:\/\/laugar.is\/index.php?rest_route=\/wp\/v2\/pages\/115","targetHints":{"allow":["GET"]}}],"collection":[{"href":"https:\/\/laugar.is\/index.php?rest_route=\/wp\/v2\/pages"}],"about":[{"href":"https:\/\/laugar.is\/index.php?rest_route=\/wp\/v2\/types\/page"}],"author":[{"embeddable":true,"href":"https:\/\/laugar.is\/index.php?rest_route=\/wp\/v2\/users\/1"}],"replies":[{"embeddable":true,"href":"https:\/\/laugar.is\/index.php?rest_route=%2Fwp%2Fv2%2Fcomments&post=115"}],"version-history":[{"count":17,"href":"https:\/\/laugar.is\/index.php?rest_route=\/wp\/v2\/pages\/115\/revisions"}],"predecessor-version":[{"id":8947,"href":"https:\/\/laugar.is\/index.php?rest_route=\/wp\/v2\/pages\/115\/revisions\/8947"}],"up":[{"embeddable":true,"href":"https:\/\/laugar.is\/index.php?rest_route=\/wp\/v2\/pages\/6"}],"wp:attachment":[{"href":"https:\/\/laugar.is\/index.php?rest_route=%2Fwp%2Fv2%2Fmedia&parent=115"}],"curies":[{"name":"wp","href":"https:\/\/api.w.org\/{rel}","templated":true}]}}